{"id":1233,"date":"2022-11-02T16:35:11","date_gmt":"2022-11-02T15:35:11","guid":{"rendered":"https:\/\/localhost\/wordpress\/?page_id=1233"},"modified":"2022-12-09T17:05:04","modified_gmt":"2022-12-09T16:05:04","slug":"paduch","status":"publish","type":"page","link":"http:\/\/erasmus2021.6cultures1tech.eu\/?page_id=1233","title":{"rendered":"Paduch Gr2"},"content":{"rendered":"\t\t<div data-elementor-type=\"wp-page\" data-elementor-id=\"1233\" class=\"elementor elementor-1233\">\n\t\t\t\t\t\t\t\t\t<section class=\"elementor-section elementor-top-section elementor-element elementor-element-803ed40 elementor-section-height-min-height elementor-section-boxed elementor-section-height-default elementor-section-items-middle\" data-id=\"803ed40\" data-element_type=\"section\" data-settings=\"{&quot;background_background&quot;:&quot;classic&quot;}\">\n\t\t\t\t\t\t<div class=\"elementor-container elementor-column-gap-default\">\n\t\t\t\t\t<div class=\"elementor-column elementor-col-50 elementor-top-column elementor-element elementor-element-5bdfa7c\" data-id=\"5bdfa7c\" data-element_type=\"column\">\n\t\t\t<div class=\"elementor-widget-wrap elementor-element-populated\">\n\t\t\t\t\t\t\t\t<div class=\"elementor-element elementor-element-df67996 elementor-widget elementor-widget-heading\" data-id=\"df67996\" data-element_type=\"widget\" data-widget_type=\"heading.default\">\n\t\t\t\t<div class=\"elementor-widget-container\">\n\t\t\t<style>\/*! elementor - v3.10.1 - 17-01-2023 *\/\n.elementor-heading-title{padding:0;margin:0;line-height:1}.elementor-widget-heading .elementor-heading-title[class*=elementor-size-]>a{color:inherit;font-size:inherit;line-height:inherit}.elementor-widget-heading .elementor-heading-title.elementor-size-small{font-size:15px}.elementor-widget-heading .elementor-heading-title.elementor-size-medium{font-size:19px}.elementor-widget-heading .elementor-heading-title.elementor-size-large{font-size:29px}.elementor-widget-heading .elementor-heading-title.elementor-size-xl{font-size:39px}.elementor-widget-heading .elementor-heading-title.elementor-size-xxl{font-size:59px}<\/style><h2 class=\"elementor-heading-title elementor-size-default\">Dawid Paduch<\/h2>\t\t<\/div>\n\t\t\t\t<\/div>\n\t\t\t\t<section class=\"elementor-section elementor-inner-section elementor-element elementor-element-5e2502a elementor-section-boxed elementor-section-height-default elementor-section-height-default\" data-id=\"5e2502a\" data-element_type=\"section\">\n\t\t\t\t\t\t<div class=\"elementor-container elementor-column-gap-default\">\n\t\t\t\t\t<div class=\"elementor-column elementor-col-100 elementor-inner-column elementor-element elementor-element-4cd0218\" data-id=\"4cd0218\" data-element_type=\"column\">\n\t\t\t<div class=\"elementor-widget-wrap elementor-element-populated\">\n\t\t\t\t\t\t\t\t<div class=\"elementor-element elementor-element-8084434 elementor-widget elementor-widget-heading\" data-id=\"8084434\" data-element_type=\"widget\" data-widget_type=\"heading.default\">\n\t\t\t\t<div class=\"elementor-widget-container\">\n\t\t\t<h2 class=\"elementor-heading-title elementor-size-default\">Nazywam si\u0119 Dawid Paduch chodz\u0119 do trzeciej klasy na kierunku technik informatyk w szkole ZST Bytom. Interesuj\u0119 si\u0119 muzyk\u0105 oraz sportem. W przysz\u0142o\u015bci chcia\u0142bym zosta\u0107 programist\u0105.\n<\/h2>\t\t<\/div>\n\t\t\t\t<\/div>\n\t\t\t\t\t<\/div>\n\t\t<\/div>\n\t\t\t\t\t\t\t<\/div>\n\t\t<\/section>\n\t\t\t\t\t<\/div>\n\t\t<\/div>\n\t\t\t\t<div class=\"elementor-column elementor-col-50 elementor-top-column elementor-element elementor-element-72a97a9\" data-id=\"72a97a9\" data-element_type=\"column\">\n\t\t\t<div class=\"elementor-widget-wrap elementor-element-populated\">\n\t\t\t\t\t\t\t\t<div class=\"elementor-element elementor-element-5876fa4 elementor-widget elementor-widget-image\" data-id=\"5876fa4\" data-element_type=\"widget\" data-widget_type=\"image.default\">\n\t\t\t\t<div class=\"elementor-widget-container\">\n\t\t\t<style>\/*! elementor - v3.10.1 - 17-01-2023 *\/\n.elementor-widget-image{text-align:center}.elementor-widget-image a{display:inline-block}.elementor-widget-image a img[src$=\".svg\"]{width:48px}.elementor-widget-image img{vertical-align:middle;display:inline-block}<\/style>\t\t\t\t\t\t\t\t\t\t\t\t<img loading=\"lazy\" decoding=\"async\" width=\"577\" height=\"1024\" src=\"http:\/\/erasmus2021.6cultures1tech.eu\/wp-content\/uploads\/2022\/12\/Paduch_Easy-Resize.com_-577x1024.jpg\" class=\"attachment-large size-large wp-image-3150\" alt=\"\" srcset=\"http:\/\/erasmus2021.6cultures1tech.eu\/wp-content\/uploads\/2022\/12\/Paduch_Easy-Resize.com_-577x1024.jpg 577w, http:\/\/erasmus2021.6cultures1tech.eu\/wp-content\/uploads\/2022\/12\/Paduch_Easy-Resize.com_-169x300.jpg 169w, http:\/\/erasmus2021.6cultures1tech.eu\/wp-content\/uploads\/2022\/12\/Paduch_Easy-Resize.com_.jpg 721w\" sizes=\"auto, (max-width: 577px) 100vw, 577px\" \/>\t\t\t\t\t\t\t\t\t\t\t\t\t\t\t<\/div>\n\t\t\t\t<\/div>\n\t\t\t\t\t<\/div>\n\t\t<\/div>\n\t\t\t\t\t\t\t<\/div>\n\t\t<\/section>\n\t\t\t\t<section class=\"elementor-section elementor-top-section elementor-element elementor-element-7ae0511 elementor-section-boxed elementor-section-height-default elementor-section-height-default\" data-id=\"7ae0511\" data-element_type=\"section\">\n\t\t\t\t\t\t<div class=\"elementor-container elementor-column-gap-default\">\n\t\t\t\t\t<div class=\"elementor-column elementor-col-100 elementor-top-column elementor-element elementor-element-abfbfd9\" data-id=\"abfbfd9\" data-element_type=\"column\">\n\t\t\t<div class=\"elementor-widget-wrap elementor-element-populated\">\n\t\t\t\t\t\t\t\t<section class=\"elementor-section elementor-inner-section elementor-element elementor-element-dcd7da9 elementor-section-boxed elementor-section-height-default elementor-section-height-default\" data-id=\"dcd7da9\" data-element_type=\"section\">\n\t\t\t\t\t\t<div class=\"elementor-container elementor-column-gap-default\">\n\t\t\t\t\t<div class=\"elementor-column elementor-col-100 elementor-inner-column elementor-element elementor-element-259334a\" data-id=\"259334a\" data-element_type=\"column\">\n\t\t\t<div class=\"elementor-widget-wrap elementor-element-populated\">\n\t\t\t\t\t\t\t\t<div class=\"elementor-element elementor-element-98d6821 elementor-widget elementor-widget-heading\" data-id=\"98d6821\" data-element_type=\"widget\" data-widget_type=\"heading.default\">\n\t\t\t\t<div class=\"elementor-widget-container\">\n\t\t\t<h2 class=\"elementor-heading-title elementor-size-default\">Opinia o praktyce:<\/h2>\t\t<\/div>\n\t\t\t\t<\/div>\n\t\t\t\t<div class=\"elementor-element elementor-element-c9b2f7d elementor-widget elementor-widget-text-editor\" data-id=\"c9b2f7d\" data-element_type=\"widget\" data-widget_type=\"text-editor.default\">\n\t\t\t\t<div class=\"elementor-widget-container\">\n\t\t\t<style>\/*! elementor - v3.10.1 - 17-01-2023 *\/\n.elementor-widget-text-editor.elementor-drop-cap-view-stacked .elementor-drop-cap{background-color:#818a91;color:#fff}.elementor-widget-text-editor.elementor-drop-cap-view-framed .elementor-drop-cap{color:#818a91;border:3px solid;background-color:transparent}.elementor-widget-text-editor:not(.elementor-drop-cap-view-default) .elementor-drop-cap{margin-top:8px}.elementor-widget-text-editor:not(.elementor-drop-cap-view-default) .elementor-drop-cap-letter{width:1em;height:1em}.elementor-widget-text-editor .elementor-drop-cap{float:left;text-align:center;line-height:1;font-size:50px}.elementor-widget-text-editor .elementor-drop-cap-letter{display:inline-block}<\/style>\t\t\t\t<p>Pobyt w Sewilli przebiega\u0142 tak jak sobie wyobrazi\u0142em. Ludzie byli sympatyczni i otwarci. Zdecydowana wi\u0119kszo\u015b\u0107 os\u00f3b zamieszkuj\u0105cych Sewill\u0119 nie umia\u0142a rozmawia\u0107 w j\u0119zyku angielskim, wi\u0119c by\u0142o trzeba korzysta\u0107 z t\u0142umacza. Temperatura przez wi\u0119kszo\u015b\u0107 wyjazdu oscylowa\u0142a w granicy 30 stopni Celsjusza. Zwiedzi\u0142em wiele zabytk\u00f3w oraz miejsc m.in. Katedr\u0119 Naj\u015bwi\u0119tszej Marii Panny w Sewilli. Sp\u0119dzony czas w Sewilli wspominam bardzo dobrze. Nauczy\u0142em si\u0119 wiele rzeczy zwi\u0105zanych z moim zawodem oraz naby\u0142em potrzebne do\u015bwiadczenie. Mam nadziej\u0119, \u017ce ka\u017cdy b\u0119dzie kiedy\u015b m\u00f3g\u0142 wzi\u0105\u0107 udzia\u0142 w takim projekcie.<\/p>\t\t\t\t\t\t<\/div>\n\t\t\t\t<\/div>\n\t\t\t\t\t<\/div>\n\t\t<\/div>\n\t\t\t\t\t\t\t<\/div>\n\t\t<\/section>\n\t\t\t\t<div class=\"elementor-element elementor-element-ef1e530 elementor-widget elementor-widget-heading\" data-id=\"ef1e530\" data-element_type=\"widget\" data-widget_type=\"heading.default\">\n\t\t\t\t<div class=\"elementor-widget-container\">\n\t\t\t<h2 class=\"elementor-heading-title elementor-size-default\">Praca:<\/h2>\t\t<\/div>\n\t\t\t\t<\/div>\n\t\t\t\t<div class=\"elementor-element elementor-element-fd3bafb elementor-widget elementor-widget-text-editor\" data-id=\"fd3bafb\" data-element_type=\"widget\" data-widget_type=\"text-editor.default\">\n\t\t\t\t<div class=\"elementor-widget-container\">\n\t\t\t\t\t\t\t<p>Pracuj\u0119 w firmie L&amp;R Informatica, sklep znajduje si\u0119 na ulicy C. B\u00e9cquer. Pracuj\u0119 od godziny 8 do godziny 14. Do pracy doje\u017cd\u017cam autobusem C3. Przystanek, na kt\u00f3rym wsiadam znajduj\u0119 si\u0119 50 metr\u00f3w od mojego miejsca zakwaterowania. Podr\u00f3\u017c trwa oko\u0142o 20 minut, po wyj\u015bciu z autobusu mam do przej\u015bcia 500m. Cz\u0119sto szef zawozi mnie na miejsce pracy, wtedy przyje\u017cd\u017ca na Plaza de Cuba, kt\u00f3ra jest 100m od mojego domu. Firm\u0105 zarz\u0105dza ma\u0142\u017ce\u0144stwo, Antonio i Lorenita. Aktualnie pracuj\u0119 tam dodatkowo tylko ja oraz kolejny uczestnik projektu Kuba. W sklepie zajmuj\u0119 si\u0119 napraw\u0105 komputer\u00f3w oraz laptop\u00f3w. Sprawdzam, czy sterowniki zainstalowane na danym urz\u0105dzeniu s\u0105 aktualne, je\u017celi nie to instaluj\u0119 najnowsze. Instaluj\u0119, r\u00f3wnie\u017c aplikacje jakie klient chce, \u017ceby znalaz\u0142y si\u0119 na jego komputerze. Korzystam z strony ninite.com, dzi\u0119ki czemu praca przebiega zdecydowanie szybciej. Sk\u0142adam r\u00f3wnie\u017c komputer, np. wczoraj musia\u0142em roz\u0142o\u017cy\u0107 komputer wymieni\u0107 obudow\u0119, poniewa\u017c przycisk start nie dzia\u0142a\u0142. Cz\u0119sto je\u017cd\u017c\u0119 z szefem do r\u00f3\u017cnych szk\u00f3\u0142, naprawiam tam projektory, montuj\u0119 je, instaluj\u0119 sie\u0107 internetow\u0105 w klasach, \u015bci\u0105gam izolacje z kabli UTP i\u00a0 zarabiam wtyczki RJ-45. Nastroje w firmie s\u0105 bardzo dobre. Szef jest mi\u0142y. Dzi\u0119ki tym praktyk\u0105 poprawi\u0142em swoje umiej\u0119tno\u015bci w zakresie monta\u017cu komputer\u00f3w oraz tworzenia instalacji\u00a0 sieci internetowych.<\/p>\t\t\t\t\t\t<\/div>\n\t\t\t\t<\/div>\n\t\t\t\t<div class=\"elementor-element elementor-element-a51f3cf elementor-widget elementor-widget-heading\" data-id=\"a51f3cf\" data-element_type=\"widget\" data-widget_type=\"heading.default\">\n\t\t\t\t<div class=\"elementor-widget-container\">\n\t\t\t<h2 class=\"elementor-heading-title elementor-size-default\">Zakwaterowanie:<\/h2>\t\t<\/div>\n\t\t\t\t<\/div>\n\t\t\t\t<div class=\"elementor-element elementor-element-dd48dc2 elementor-widget elementor-widget-text-editor\" data-id=\"dd48dc2\" data-element_type=\"widget\" data-widget_type=\"text-editor.default\">\n\t\t\t\t<div class=\"elementor-widget-container\">\n\t\t\t\t\t\t\t<p>W czw\u00f3rk\u0119 mieszkamy w mieszkaniu na Trianie, a dok\u0142adniej na Calle Rosario Vega, w\u0142a\u015bcicielem mieszkania jest Alfredo. Alfredo jest cz\u0142owiekiem bardzo mi\u0142ym oraz ma poczucie humoru. Przy przyje\u017adzie opr\u00f3cz niego poznali\u015bmy r\u00f3wnie\u017c Alfonso \u2013 jego syna oraz Elvisa \u2013 jego psa. Syn nie jest zbyt rozmowny, a nawet je\u017celi by by\u0142 to nie widzimy si\u0119 z nim zbyt cz\u0119sto. Pies natomiast wita nas przy ka\u017cdym po powrocie do domu (po kilku dniach zacz\u0119li\u015bmy przed nim ucieka\u0107, poniewa\u017c bardzo lubi liza\u0107 nas po nogach). Jedyny problem jaki napotkali\u015bmy mieszkaj\u0105c tutaj to bariera j\u0119zykowa \u2013 my nie znamy hiszpa\u0144skiego, a oni angielskiego. Przez ca\u0142y czas komunikujemy si\u0119 za pomoc\u0105 translatora oraz gest\u00f3w, chocia\u017c Dawid jako jedyny jako tako potrafi si\u0119 z nim dogada\u0107 i cz\u0119sto rozmawiaj\u0105 sobie o sporcie. Alfredo jest zagorza\u0142ym fanem klubu pi\u0142karskiego Sevilla FC, mamy nawet flag\u0119 w pokoju z meczu Ligi Europy z roku 2016, kiedy Sevilla FC gra\u0142a z Szachtarem Donieck.<\/p>\n<p>Teraz opiszemy nasz pok\u00f3j \u2013 mieszkamy w czteroosobowym pomieszczeniu, mamy trzy \u0142\u00f3zka, z czego jedno jest pi\u0119trowe. Wymiary w przybli\u017ceniu to 3x4m, tak\u017ce nie jest on najwi\u0119kszy, jednak jako\u015b \u017cyjemy i nie ma z tym wi\u0119kszych problem\u00f3w. Poza nami mieszka tutaj dw\u00f3ch W\u0142och\u00f3w oraz jeden student z Kolorado \u2013 niestety nie mo\u017cemy opisa\u0107 ich pokoi, bo tam nie wchodzimy.<\/p>\n<p>Przechodz\u0105c do kuchni \u2013 jemy tutaj bardzo dobrze. \u015aniadania musimy robi\u0107 sobie sami, bo kiedy wstajemy to nikogo nie ma w domu, natomiast obiad i kolacja zawsze s\u0105 przygotowane \u2013 jedno danie oko\u0142o 15, a drugie oko\u0142o 21. Wszystkim nam smakuje kuchnia hiszpa\u0144ska, chocia\u017c zaczynamy t\u0119skni\u0107 za polskimi przysmakami.<\/p><p>~ Nazarko Krzysztof, Paduch Dawid, Szczyrbowski Filip, Tomera Szymon.<\/p><p><\/p>\t\t\t\t\t\t<\/div>\n\t\t\t\t<\/div>\n\t\t\t\t\t<\/div>\n\t\t<\/div>\n\t\t\t\t\t\t\t<\/div>\n\t\t<\/section>\n\t\t\t\t\t\t\t<\/div>\n\t\t","protected":false},"excerpt":{"rendered":"<p>Dawid Paduch Nazywam si\u0119 Dawid Paduch chodz\u0119 do trzeciej klasy na kierunku technik informatyk w szkole ZST Bytom. Interesuj\u0119 si\u0119 muzyk\u0105 oraz sportem. W przysz\u0142o\u015bci chcia\u0142bym zosta\u0107 programist\u0105. Opinia o praktyce: Pobyt w Sewilli przebiega\u0142 tak jak sobie wyobrazi\u0142em. Ludzie byli sympatyczni i otwarci. Zdecydowana wi\u0119kszo\u015b\u0107 os\u00f3b zamieszkuj\u0105cych Sewill\u0119 nie umia\u0142a rozmawia\u0107 w j\u0119zyku angielskim, [&hellip;]<\/p>\n","protected":false},"author":1,"featured_media":0,"parent":0,"menu_order":0,"comment_status":"closed","ping_status":"closed","template":"","meta":{"footnotes":""},"class_list":["post-1233","page","type-page","status-publish","hentry","entry"],"_links":{"self":[{"href":"http:\/\/erasmus2021.6cultures1tech.eu\/index.php?rest_route=\/wp\/v2\/pages\/1233","targetHints":{"allow":["GET"]}}],"collection":[{"href":"http:\/\/erasmus2021.6cultures1tech.eu\/index.php?rest_route=\/wp\/v2\/pages"}],"about":[{"href":"http:\/\/erasmus2021.6cultures1tech.eu\/index.php?rest_route=\/wp\/v2\/types\/page"}],"author":[{"embeddable":true,"href":"http:\/\/erasmus2021.6cultures1tech.eu\/index.php?rest_route=\/wp\/v2\/users\/1"}],"replies":[{"embeddable":true,"href":"http:\/\/erasmus2021.6cultures1tech.eu\/index.php?rest_route=%2Fwp%2Fv2%2Fcomments&post=1233"}],"version-history":[{"count":23,"href":"http:\/\/erasmus2021.6cultures1tech.eu\/index.php?rest_route=\/wp\/v2\/pages\/1233\/revisions"}],"predecessor-version":[{"id":3177,"href":"http:\/\/erasmus2021.6cultures1tech.eu\/index.php?rest_route=\/wp\/v2\/pages\/1233\/revisions\/3177"}],"wp:attachment":[{"href":"http:\/\/erasmus2021.6cultures1tech.eu\/index.php?rest_route=%2Fwp%2Fv2%2Fmedia&parent=1233"}],"curies":[{"name":"wp","href":"https:\/\/api.w.org\/{rel}","templated":true}]}}