{"id":1261,"date":"2022-11-02T16:53:18","date_gmt":"2022-11-02T15:53:18","guid":{"rendered":"https:\/\/localhost\/wordpress\/?page_id=1261"},"modified":"2022-12-09T17:06:47","modified_gmt":"2022-12-09T16:06:47","slug":"kasprzak-gr2","status":"publish","type":"page","link":"http:\/\/erasmus2021.6cultures1tech.eu\/?page_id=1261","title":{"rendered":"Kasprzak gr2"},"content":{"rendered":"\t\t<div data-elementor-type=\"wp-page\" data-elementor-id=\"1261\" class=\"elementor elementor-1261\">\n\t\t\t\t\t\t\t\t\t<section class=\"elementor-section elementor-top-section elementor-element elementor-element-8d43f2d elementor-section-height-min-height elementor-section-boxed elementor-section-height-default elementor-section-items-middle\" data-id=\"8d43f2d\" data-element_type=\"section\" data-settings=\"{&quot;background_background&quot;:&quot;classic&quot;}\">\n\t\t\t\t\t\t<div class=\"elementor-container elementor-column-gap-default\">\n\t\t\t\t\t<div class=\"elementor-column elementor-col-50 elementor-top-column elementor-element elementor-element-7b12cb9\" data-id=\"7b12cb9\" data-element_type=\"column\">\n\t\t\t<div class=\"elementor-widget-wrap elementor-element-populated\">\n\t\t\t\t\t\t\t\t<div class=\"elementor-element elementor-element-8719ad2 elementor-widget elementor-widget-heading\" data-id=\"8719ad2\" data-element_type=\"widget\" data-widget_type=\"heading.default\">\n\t\t\t\t<div class=\"elementor-widget-container\">\n\t\t\t<style>\/*! elementor - v3.10.1 - 17-01-2023 *\/\n.elementor-heading-title{padding:0;margin:0;line-height:1}.elementor-widget-heading .elementor-heading-title[class*=elementor-size-]>a{color:inherit;font-size:inherit;line-height:inherit}.elementor-widget-heading .elementor-heading-title.elementor-size-small{font-size:15px}.elementor-widget-heading .elementor-heading-title.elementor-size-medium{font-size:19px}.elementor-widget-heading .elementor-heading-title.elementor-size-large{font-size:29px}.elementor-widget-heading .elementor-heading-title.elementor-size-xl{font-size:39px}.elementor-widget-heading .elementor-heading-title.elementor-size-xxl{font-size:59px}<\/style><h2 class=\"elementor-heading-title elementor-size-default\">Marcin Kasprzak<\/h2>\t\t<\/div>\n\t\t\t\t<\/div>\n\t\t\t\t<section class=\"elementor-section elementor-inner-section elementor-element elementor-element-30e9223 elementor-section-boxed elementor-section-height-default elementor-section-height-default\" data-id=\"30e9223\" data-element_type=\"section\">\n\t\t\t\t\t\t<div class=\"elementor-container elementor-column-gap-default\">\n\t\t\t\t\t<div class=\"elementor-column elementor-col-100 elementor-inner-column elementor-element elementor-element-3523e64\" data-id=\"3523e64\" data-element_type=\"column\">\n\t\t\t<div class=\"elementor-widget-wrap elementor-element-populated\">\n\t\t\t\t\t\t\t\t<div class=\"elementor-element elementor-element-0071cfe elementor-widget elementor-widget-heading\" data-id=\"0071cfe\" data-element_type=\"widget\" data-widget_type=\"heading.default\">\n\t\t\t\t<div class=\"elementor-widget-container\">\n\t\t\t<h2 class=\"elementor-heading-title elementor-size-default\">Witam. Jestem Marcin i od zawsze interesowa\u0142em si\u0119 \u015bwiatem komputer\u00f3w. Lubi\u0119 o nich czyta\u0107 i pozyskiwa\u0107 now\u0105 wiedz\u0119. W trakcie nauki w ZST o profilu informatycznym zainteresowa\u0142em si\u0119 dodatkowo pisaniem r\u00f3\u017cnorakich kod\u00f3w do stron internetowych oraz ich projektowanie. Wyjazd do Sewilli jest doskona\u0142\u0105 okazj\u0105 aby udoskonali\u0107 swoj\u0105 pasj\u0119 poprzez poznanie tej tematyki w innym kraju.\n<\/h2>\t\t<\/div>\n\t\t\t\t<\/div>\n\t\t\t\t\t<\/div>\n\t\t<\/div>\n\t\t\t\t\t\t\t<\/div>\n\t\t<\/section>\n\t\t\t\t\t<\/div>\n\t\t<\/div>\n\t\t\t\t<div class=\"elementor-column elementor-col-50 elementor-top-column elementor-element elementor-element-a8663cb\" data-id=\"a8663cb\" data-element_type=\"column\">\n\t\t\t<div class=\"elementor-widget-wrap elementor-element-populated\">\n\t\t\t\t\t\t\t\t<div class=\"elementor-element elementor-element-b4a208a elementor-widget elementor-widget-image\" data-id=\"b4a208a\" data-element_type=\"widget\" data-widget_type=\"image.default\">\n\t\t\t\t<div class=\"elementor-widget-container\">\n\t\t\t<style>\/*! elementor - v3.10.1 - 17-01-2023 *\/\n.elementor-widget-image{text-align:center}.elementor-widget-image a{display:inline-block}.elementor-widget-image a img[src$=\".svg\"]{width:48px}.elementor-widget-image img{vertical-align:middle;display:inline-block}<\/style>\t\t\t\t\t\t\t\t\t\t\t\t<img loading=\"lazy\" decoding=\"async\" width=\"577\" height=\"1024\" src=\"http:\/\/erasmus2021.6cultures1tech.eu\/wp-content\/uploads\/2022\/12\/Kasprzak_Easy-Resize.com_-577x1024.jpg\" class=\"attachment-large size-large wp-image-3142\" alt=\"\" srcset=\"http:\/\/erasmus2021.6cultures1tech.eu\/wp-content\/uploads\/2022\/12\/Kasprzak_Easy-Resize.com_-577x1024.jpg 577w, http:\/\/erasmus2021.6cultures1tech.eu\/wp-content\/uploads\/2022\/12\/Kasprzak_Easy-Resize.com_-169x300.jpg 169w, http:\/\/erasmus2021.6cultures1tech.eu\/wp-content\/uploads\/2022\/12\/Kasprzak_Easy-Resize.com_.jpg 721w\" sizes=\"auto, (max-width: 577px) 100vw, 577px\" \/>\t\t\t\t\t\t\t\t\t\t\t\t\t\t\t<\/div>\n\t\t\t\t<\/div>\n\t\t\t\t\t<\/div>\n\t\t<\/div>\n\t\t\t\t\t\t\t<\/div>\n\t\t<\/section>\n\t\t\t\t<section class=\"elementor-section elementor-top-section elementor-element elementor-element-9baf034 elementor-section-boxed elementor-section-height-default elementor-section-height-default\" data-id=\"9baf034\" data-element_type=\"section\">\n\t\t\t\t\t\t<div class=\"elementor-container elementor-column-gap-default\">\n\t\t\t\t\t<div class=\"elementor-column elementor-col-100 elementor-top-column elementor-element elementor-element-615c45a\" data-id=\"615c45a\" data-element_type=\"column\">\n\t\t\t<div class=\"elementor-widget-wrap elementor-element-populated\">\n\t\t\t\t\t\t\t\t<section class=\"elementor-section elementor-inner-section elementor-element elementor-element-8daf969 elementor-section-boxed elementor-section-height-default elementor-section-height-default\" data-id=\"8daf969\" data-element_type=\"section\">\n\t\t\t\t\t\t<div class=\"elementor-container elementor-column-gap-default\">\n\t\t\t\t\t<div class=\"elementor-column elementor-col-100 elementor-inner-column elementor-element elementor-element-3cd6dfc\" data-id=\"3cd6dfc\" data-element_type=\"column\">\n\t\t\t<div class=\"elementor-widget-wrap elementor-element-populated\">\n\t\t\t\t\t\t\t\t<div class=\"elementor-element elementor-element-57fbb38 elementor-widget elementor-widget-heading\" data-id=\"57fbb38\" data-element_type=\"widget\" data-widget_type=\"heading.default\">\n\t\t\t\t<div class=\"elementor-widget-container\">\n\t\t\t<h2 class=\"elementor-heading-title elementor-size-default\">Opinia o praktyce:<\/h2>\t\t<\/div>\n\t\t\t\t<\/div>\n\t\t\t\t<div class=\"elementor-element elementor-element-28588c1 elementor-widget elementor-widget-text-editor\" data-id=\"28588c1\" data-element_type=\"widget\" data-widget_type=\"text-editor.default\">\n\t\t\t\t<div class=\"elementor-widget-container\">\n\t\t\t<style>\/*! elementor - v3.10.1 - 17-01-2023 *\/\n.elementor-widget-text-editor.elementor-drop-cap-view-stacked .elementor-drop-cap{background-color:#818a91;color:#fff}.elementor-widget-text-editor.elementor-drop-cap-view-framed .elementor-drop-cap{color:#818a91;border:3px solid;background-color:transparent}.elementor-widget-text-editor:not(.elementor-drop-cap-view-default) .elementor-drop-cap{margin-top:8px}.elementor-widget-text-editor:not(.elementor-drop-cap-view-default) .elementor-drop-cap-letter{width:1em;height:1em}.elementor-widget-text-editor .elementor-drop-cap{float:left;text-align:center;line-height:1;font-size:50px}.elementor-widget-text-editor .elementor-drop-cap-letter{display:inline-block}<\/style>\t\t\t\t<p>Praktyki w Sewilli by\u0142y bardzo ciekawym prze\u017cyciem. Pobyt tu da\u0142 mi nie tylko mo\u017cliwo\u015b\u0107 podszkolenia swoich umiej\u0119tno\u015bci z informatyki, ale r\u00f3wnie\u017c poznania nowego zak\u0105tka \u015bwiata. Zwiedzi\u0142em wielkie miasto jakim jest Sewilla, pozna\u0142em kuchni\u0119 hiszpa\u0144sk\u0105 czy kultur\u0119 tu panuj\u0105c\u0105. Przyswajanie nowego j\u0119zyka hiszpa\u0144skiego przez ca\u0142y miesi\u0105c by\u0142 podobnie ciekawym do\u015bwiadczeniem. R\u00f3wnie\u017c mi\u0142e by\u0142y tu wi\u0119ksze wycieczki. \u015awietnie wspominam pla\u017ce Matalasca\u00f1as, Gibraltar oraz Kadyks. Polecam wszystkim uczestnictwo w podobnych projektach od Erasmus+.<\/p><p><br \/><br \/><\/p>\t\t\t\t\t\t<\/div>\n\t\t\t\t<\/div>\n\t\t\t\t\t<\/div>\n\t\t<\/div>\n\t\t\t\t\t\t\t<\/div>\n\t\t<\/section>\n\t\t\t\t<div class=\"elementor-element elementor-element-1a80074 elementor-widget elementor-widget-heading\" data-id=\"1a80074\" data-element_type=\"widget\" data-widget_type=\"heading.default\">\n\t\t\t\t<div class=\"elementor-widget-container\">\n\t\t\t<h2 class=\"elementor-heading-title elementor-size-default\">Praca:<\/h2>\t\t<\/div>\n\t\t\t\t<\/div>\n\t\t\t\t<div class=\"elementor-element elementor-element-1957a90 elementor-widget elementor-widget-text-editor\" data-id=\"1957a90\" data-element_type=\"widget\" data-widget_type=\"text-editor.default\">\n\t\t\t\t<div class=\"elementor-widget-container\">\n\t\t\t\t\t\t\t<p>Praktyki odbywam w ma\u0142ej firmie \u201cPolpetto Shoes\u201d. Zak\u0142ad dzia\u0142a na rynku od paru miesi\u0119cy i zajmuj\u0119 si\u0119 g\u0142\u00f3wnie sprzeda\u017c\u0105 obuwia dzieci\u0119cego. Sp\u00f3\u0142ka mie\u015bci si\u0119 w centrum Sewilli na ulicy Calle Francos i znajduj\u0119 si\u0119 niedaleko mojego tymczasowego miejsca zamieszkania. Musz\u0119 jedynie pokona\u0107 nieca\u0142y kilometr drogi, wi\u0119c chodz\u0119 tam na piechot\u0119. Zawsze id\u0119 i wracam t\u0105 sam\u0105 drog\u0105, dzi\u0119ki czemu prawie codziennie przechodz\u0119 obok s\u0142awnej Katedry w Sewilli. Dzi\u0119ki swojej popularno\u015bci, Katedra jest zawsze otoczona turystami, wi\u0119c id\u0105c tamt\u0119dy musz\u0119 zawsze uwa\u017ca\u0107, aby na kogo\u015b nie wpa\u015b\u0107.<\/p><p>Jak wspomnia\u0142em wcze\u015bniej, firma jest ma\u0142a. Wn\u0119trze podzielone jest na cz\u0119\u015b\u0107 sklepow\u0105, ma\u0142e zaplecze i jeszcze mniejsz\u0105 \u0142azienk\u0105 przy zapleczu. Sklepem zajmuj\u0105 si\u0119 2 osoby. Pani Cristina, kt\u00f3r\u0105 widuj\u0119 tam codziennie oraz pani Gabriela, kt\u00f3r\u0105 widz\u0119 jedynie w poniedzia\u0142ki i w pi\u0105tki. Bardzo mi\u0142e i sympatyczne osoby, kt\u00f3re bardzo pragn\u0105, aby ich sklep sta\u0142 si\u0119 dost\u0119pny dla wszystkich. Z tego powodu za moje pierwsze zadanie sta\u0142o si\u0119 przet\u0142umaczenie ich strony internetowej na j\u0119zyk angielski. Maj\u0105c stron\u0119 w j\u0119zyku hiszpa\u0144skim wiedzieli, \u017ce osoby z innych kraj\u00f3w, nie m\u00f3wi\u0105ce po hiszpa\u0144sku, nie odnajd\u0105 si\u0119 na witrynie internetowej. Edytuj\u0105c plik w HTML zmieniam ca\u0142y tekst na angielski. Przed tym jeszcze pisz\u0119 i formatuj\u0119 list\u0119 rozwijan\u0105 na stronie, kt\u00f3ra pozwoli osobom zmienia\u0107 j\u0119zyk strony w ka\u017cdym momencie. Dzi\u0119ki takiemu zadaniu ucz\u0119 si\u0119 nowych hiszpa\u0144skich s\u0142\u00f3wek. Bardzo mi zale\u017cy na swobodnej rozmowie z w\u0142a\u015bcicielkami. Mimo, \u017ce dogadujemy si\u0119 w j\u0119zyku angielskim to staram si\u0119 od siebie doda\u0107 do zda\u0144 hiszpa\u0144skie s\u0142\u00f3wka. Panie zawsze to doceniaj\u0105 i ch\u0119tnie mi pomagaj\u0105 w poznawaniu nowych s\u0142\u00f3w. W pracy poza t\u0142umaczeniem, ucz\u0119 si\u0119 pozycjonowania artyku\u0142\u00f3w internetowych w sieci. Jest to bardzo wa\u017cne w marketingu, poniewa\u017c ka\u017cdy sprzedawca chc\u0119, aby jego produkty by\u0142y najwidoczniejsze w wynikach wyszukiwania w przegl\u0105darce. Ucz\u0105c si\u0119, sam pozycjonuj\u0119 artyku\u0142y w j\u0119zyku angielskim. R\u00f3wnie\u017c poza sam\u0105 przegl\u0105dark\u0105 internetow\u0105, wa\u017cne jest promowanie sklepu w mediach spo\u0142eczno\u015bciowych. Ch\u0119tnie zarz\u0105dzam facebookiem oraz instagramem firmy. Dodaj\u0119 zdj\u0119cia, wpisy, itp. (oczywi\u015bcie w j\u0119zyku hiszpa\u0144skim). Strona internetowa zawsze wymaga ulepsze\u0144, wi\u0119c ch\u0119tnie pomagam w jej dopracowywaniu. Od dodawania wpis\u00f3w, formatowaniu strony w CSS do pisania r\u00f3\u017cnorakich skrypt\u00f3w w JS. Pracuj\u0119 od 10.00 do 14.00 i zawsze czas leci mi tam szybko. Czas r\u00f3wnie\u017c umilaj\u0105 rozmowy z w\u0142a\u015bcicielkami, kt\u00f3re ch\u0119tnie mnie wys\u0142uchaj\u0105 i doradz\u0105. Praca tu jest jednocze\u015bnie spokojna i ciekawa. Praktyki te uznaj\u0119 za bardzo udane i pouczaj\u0105ce.<\/p>\t\t\t\t\t\t<\/div>\n\t\t\t\t<\/div>\n\t\t\t\t<div class=\"elementor-element elementor-element-4df7c5e elementor-widget elementor-widget-heading\" data-id=\"4df7c5e\" data-element_type=\"widget\" data-widget_type=\"heading.default\">\n\t\t\t\t<div class=\"elementor-widget-container\">\n\t\t\t<h2 class=\"elementor-heading-title elementor-size-default\">Zakwaterowanie:<\/h2>\t\t<\/div>\n\t\t\t\t<\/div>\n\t\t\t\t<div class=\"elementor-element elementor-element-feffc9e elementor-widget elementor-widget-text-editor\" data-id=\"feffc9e\" data-element_type=\"widget\" data-widget_type=\"text-editor.default\">\n\t\t\t\t<div class=\"elementor-widget-container\">\n\t\t\t\t\t\t\t<p>Na czas mobilno\u015bci mieszkamy na Calle Antonia D\u00edaz w domu z niema\u0142\u0105 rodzin\u0105. W mieszkaniu \u017cyj\u0119 ma\u0142\u017ce\u0144stwo Mar\u00eda oraz Curro wraz z trojgiem dzieci. Oboje s\u0105 bardzo mi\u0142ym ma\u0142\u017ce\u0144stwem, kt\u00f3re zawsze jest gotowe nas wys\u0142ucha\u0107. Host rodzice bardzo si\u0119 staraj\u0105 aby\u015bmy czuli si\u0119 jak u siebie. Daj\u0105 nam du\u017c\u0105 swobod\u0119 w domu oraz poza nim. Dzi\u0119ki takiej wolno\u015bci, zasad to tu du\u017co nie ma. Mo\u017cemy bra\u0107 prysznic, ile oraz kiedy chcemy. Pranie jest w ka\u017cd\u0105 sobot\u0119, ale pani Mar\u00eda sama m\u00f3wi, \u017ce mo\u017ce zrobi\u0107 nam wi\u0119cej w tygodniu. Mamy w takim przypadku j\u0105 o tym powiadomi\u0107. Jemy 3 posi\u0142ki w ci\u0105gu dnia: \u015bniadanie, obiad oraz kolacj\u0119. Na \u015bniadanie dostajemy zawsze p\u0142atki z mlekiem, ale zdarza\u0142y si\u0119 dni, gdzie dostajemy nale\u015bniki albo bagietki z serem\/szynk\u0105, itp. Obiad jest codziennie inny i rzadziej si\u0119 powtarza. Przywozi nam bowiem Pan Curro codziennie z pracy obiady, gdy\u017c jego firma zajmuj\u0119 si\u0119 przygotowaniem posi\u0142k\u00f3w i przywo\u017ceniem ich do firm nie maj\u0105cych, kuchni. Na kolacj\u0119 r\u00f3wnie\u017c nie mamy co narzeka\u0107 bowiem dostajemy bardzo dobre jedzenie. Omlet, nachosy z pizz\u0105, frytki z kurczakiem i jeszcze wi\u0119cej potraw trafia na nasze talerze. Czasem si\u0119 \u00f3w posi\u0142ki powtarzaj\u0105, ale nie narzekamy, poniewa\u017c zawsze nam smakuj\u0119. Je\u015bli chcemy dok\u0142adki to mo\u017cemy zawsze powiedzie\u0107 o tym naszej host mamie. Mieszkamy w jednym pokoju z dwoma osobnymi \u0142\u00f3\u017ckami. Pok\u00f3j jest sporych rozmiar\u00f3w i nie narzekamy na przestrze\u0144. Jeste\u015bmy zaopatrzeni w wiatrak do w\u0142asnego u\u017cytku. Ch\u0119tnie z niego korzystamy, poniewa\u017c przez panuj\u0105cy tu klimat jest w pokoju duszno. Rodzina nie posiada zwierz\u0105t domowych. Tr\u00f3jka dzieci, kt\u00f3ra tu mieszka nie przeszkadza nam tu. Mimo \u017ce za du\u017co ze sob\u0105 nie rozmawiamy, zawsze si\u0119 witamy na korytarzu, kiedy si\u0119 mijamy. Mimo mieszkania z tyloma osobami w jednym domu, nie mamy problemu z korzystaniem z toalety. Na szcz\u0119\u015bcie dom jest zaopatrzony w drug\u0105 toalet\u0119 i nie trafiamy na sytuacj\u0119, gdzie nasza ubikacja jest zaj\u0119ta. Jedyn\u0105 przeszkod\u0105 jaka nas dzieli to j\u0119zyk. Ma\u0142\u017ce\u0144stwo s\u0142abo m\u00f3wi po angielsku i zna tylko par\u0119 s\u0142\u00f3w, a dzieci z tego co widzimy w og\u00f3le nie m\u00f3wi\u0105 w tym j\u0119zyku. Jednak znajomo\u015b\u0107 paru s\u0142\u00f3wek z strony rodziny oraz t\u0142umacza, zawsze udaj\u0119 nam si\u0119 nam dogada\u0107. Czasem pani Mar\u00eda korzysta z pomocy pani Silvi, kt\u00f3ra jest siostr\u0105 pana Curro. Zna ona angielski i hiszpa\u0144ski, wi\u0119c kiedy jest mo\u017cliwo\u015b\u0107 to zawsze korzystamy z jej pomocy do dogadania si\u0119 z rodzin\u0105. Zdarza si\u0119, \u017ce pani Silvia odwiedza swoj\u0105 rodzin\u0119 wraz z c\u00f3rk\u0105 i gdy j\u0105 spotykamy to pyta nas o samopoczucie i \u017cycie tu w domu. R\u00f3wnie\u017c nie ma problemu co do zasad przebywania poza domem. Mo\u017cemy zawsze wychodzi\u0107 i ustali\u0107 ka\u017cd\u0105 godzin\u0119 powrotu, a je\u015bli jemy kolacj\u0119 na mie\u015bcie to wystarczy powiadomi\u0107 o tym pani Mar\u00ede. Oboje mamy klucze do mieszkania, wi\u0119c nie ma problemu z dostaniem si\u0119 do domu. Czujemy si\u0119 tu naprawd\u0119 jak w\u0142asnym domu z tak\u0105 swobod\u0105 oraz mi\u0142ym ma\u0142\u017ce\u0144stwem. Jak sam m\u00f3wi pan Curro \u201cIt\u2019s your home\u201d. Oboje bardzo si\u0119 staraj\u0105 z wprowadzaniem tu ciep\u0142ej atmosfery, gdzie mo\u017cemy si\u0119 czu\u0107 jak w w\u0142asnych domach.<\/p><div>~ Kasprzak Marcin, Wieczorek Mateusz.<br><\/div>\t\t\t\t\t\t<\/div>\n\t\t\t\t<\/div>\n\t\t\t\t\t<\/div>\n\t\t<\/div>\n\t\t\t\t\t\t\t<\/div>\n\t\t<\/section>\n\t\t\t\t\t\t\t<\/div>\n\t\t","protected":false},"excerpt":{"rendered":"<p>Marcin Kasprzak Witam. Jestem Marcin i od zawsze interesowa\u0142em si\u0119 \u015bwiatem komputer\u00f3w. Lubi\u0119 o nich czyta\u0107 i pozyskiwa\u0107 now\u0105 wiedz\u0119. W trakcie nauki w ZST o profilu informatycznym zainteresowa\u0142em si\u0119 dodatkowo pisaniem r\u00f3\u017cnorakich kod\u00f3w do stron internetowych oraz ich projektowanie. Wyjazd do Sewilli jest doskona\u0142\u0105 okazj\u0105 aby udoskonali\u0107 swoj\u0105 pasj\u0119 poprzez poznanie tej tematyki w [&hellip;]<\/p>\n","protected":false},"author":1,"featured_media":0,"parent":0,"menu_order":0,"comment_status":"closed","ping_status":"closed","template":"","meta":{"footnotes":""},"class_list":["post-1261","page","type-page","status-publish","hentry","entry"],"_links":{"self":[{"href":"http:\/\/erasmus2021.6cultures1tech.eu\/index.php?rest_route=\/wp\/v2\/pages\/1261","targetHints":{"allow":["GET"]}}],"collection":[{"href":"http:\/\/erasmus2021.6cultures1tech.eu\/index.php?rest_route=\/wp\/v2\/pages"}],"about":[{"href":"http:\/\/erasmus2021.6cultures1tech.eu\/index.php?rest_route=\/wp\/v2\/types\/page"}],"author":[{"embeddable":true,"href":"http:\/\/erasmus2021.6cultures1tech.eu\/index.php?rest_route=\/wp\/v2\/users\/1"}],"replies":[{"embeddable":true,"href":"http:\/\/erasmus2021.6cultures1tech.eu\/index.php?rest_route=%2Fwp%2Fv2%2Fcomments&post=1261"}],"version-history":[{"count":19,"href":"http:\/\/erasmus2021.6cultures1tech.eu\/index.php?rest_route=\/wp\/v2\/pages\/1261\/revisions"}],"predecessor-version":[{"id":3208,"href":"http:\/\/erasmus2021.6cultures1tech.eu\/index.php?rest_route=\/wp\/v2\/pages\/1261\/revisions\/3208"}],"wp:attachment":[{"href":"http:\/\/erasmus2021.6cultures1tech.eu\/index.php?rest_route=%2Fwp%2Fv2%2Fmedia&parent=1261"}],"curies":[{"name":"wp","href":"https:\/\/api.w.org\/{rel}","templated":true}]}}