{"id":1277,"date":"2022-11-02T17:01:19","date_gmt":"2022-11-02T16:01:19","guid":{"rendered":"https:\/\/localhost\/wordpress\/?page_id=1277"},"modified":"2022-12-09T17:06:39","modified_gmt":"2022-12-09T16:06:39","slug":"nazarko","status":"publish","type":"page","link":"http:\/\/erasmus2021.6cultures1tech.eu\/?page_id=1277","title":{"rendered":"Nazarko gr2"},"content":{"rendered":"\t\t<div data-elementor-type=\"wp-page\" data-elementor-id=\"1277\" class=\"elementor elementor-1277\">\n\t\t\t\t\t\t\t\t\t<section class=\"elementor-section elementor-top-section elementor-element elementor-element-f1eb79d elementor-section-height-min-height elementor-section-boxed elementor-section-height-default elementor-section-items-middle\" data-id=\"f1eb79d\" data-element_type=\"section\" data-settings=\"{&quot;background_background&quot;:&quot;classic&quot;}\">\n\t\t\t\t\t\t<div class=\"elementor-container elementor-column-gap-default\">\n\t\t\t\t\t<div class=\"elementor-column elementor-col-50 elementor-top-column elementor-element elementor-element-45def51\" data-id=\"45def51\" data-element_type=\"column\">\n\t\t\t<div class=\"elementor-widget-wrap elementor-element-populated\">\n\t\t\t\t\t\t\t\t<div class=\"elementor-element elementor-element-bb502e3 elementor-widget elementor-widget-heading\" data-id=\"bb502e3\" data-element_type=\"widget\" data-widget_type=\"heading.default\">\n\t\t\t\t<div class=\"elementor-widget-container\">\n\t\t\t<style>\/*! elementor - v3.10.1 - 17-01-2023 *\/\n.elementor-heading-title{padding:0;margin:0;line-height:1}.elementor-widget-heading .elementor-heading-title[class*=elementor-size-]>a{color:inherit;font-size:inherit;line-height:inherit}.elementor-widget-heading .elementor-heading-title.elementor-size-small{font-size:15px}.elementor-widget-heading .elementor-heading-title.elementor-size-medium{font-size:19px}.elementor-widget-heading .elementor-heading-title.elementor-size-large{font-size:29px}.elementor-widget-heading .elementor-heading-title.elementor-size-xl{font-size:39px}.elementor-widget-heading .elementor-heading-title.elementor-size-xxl{font-size:59px}<\/style><h2 class=\"elementor-heading-title elementor-size-default\">Krzysztof Nazarko<\/h2>\t\t<\/div>\n\t\t\t\t<\/div>\n\t\t\t\t<section class=\"elementor-section elementor-inner-section elementor-element elementor-element-f05d658 elementor-section-boxed elementor-section-height-default elementor-section-height-default\" data-id=\"f05d658\" data-element_type=\"section\">\n\t\t\t\t\t\t<div class=\"elementor-container elementor-column-gap-default\">\n\t\t\t\t\t<div class=\"elementor-column elementor-col-100 elementor-inner-column elementor-element elementor-element-3d689ea\" data-id=\"3d689ea\" data-element_type=\"column\">\n\t\t\t<div class=\"elementor-widget-wrap elementor-element-populated\">\n\t\t\t\t\t\t\t\t<div class=\"elementor-element elementor-element-10ef195 elementor-widget elementor-widget-heading\" data-id=\"10ef195\" data-element_type=\"widget\" data-widget_type=\"heading.default\">\n\t\t\t\t<div class=\"elementor-widget-container\">\n\t\t\t<h2 class=\"elementor-heading-title elementor-size-default\">Ju\u017c od dawna interesuj\u0119 si\u0119 trzema dziedzinami - IT, filmy oraz sport. Od dziecka ciekawi\u0142y mnie komputery, dlatego wybra\u0142em ZST jako punkt startowy mojej edukacji w tym kierunku. Dzi\u0119ki \u015bwietnym nauczycielom tej plac\u00f3wki bardzo polubi\u0142em projektowanie stron internetowych. W przysz\u0142o\u015bci chcia\u0142bym zosta\u0107 web developerem, no a je\u017celi w tej ga\u0142\u0119zi mi si\u0119 nie uda, to na pewno znajd\u0119 co\u015b innego - w ko\u0144cu jestem cz\u0142owiekiem wielu talent\u00f3w.\n<\/h2>\t\t<\/div>\n\t\t\t\t<\/div>\n\t\t\t\t\t<\/div>\n\t\t<\/div>\n\t\t\t\t\t\t\t<\/div>\n\t\t<\/section>\n\t\t\t\t\t<\/div>\n\t\t<\/div>\n\t\t\t\t<div class=\"elementor-column elementor-col-50 elementor-top-column elementor-element elementor-element-1f636ed\" data-id=\"1f636ed\" data-element_type=\"column\">\n\t\t\t<div class=\"elementor-widget-wrap elementor-element-populated\">\n\t\t\t\t\t\t\t\t<div class=\"elementor-element elementor-element-a39ac05 elementor-widget elementor-widget-image\" data-id=\"a39ac05\" data-element_type=\"widget\" data-widget_type=\"image.default\">\n\t\t\t\t<div class=\"elementor-widget-container\">\n\t\t\t<style>\/*! elementor - v3.10.1 - 17-01-2023 *\/\n.elementor-widget-image{text-align:center}.elementor-widget-image a{display:inline-block}.elementor-widget-image a img[src$=\".svg\"]{width:48px}.elementor-widget-image img{vertical-align:middle;display:inline-block}<\/style>\t\t\t\t\t\t\t\t\t\t\t\t<img loading=\"lazy\" decoding=\"async\" width=\"577\" height=\"1024\" src=\"http:\/\/erasmus2021.6cultures1tech.eu\/wp-content\/uploads\/2022\/12\/Nazarko_Easy-Resize.com_-577x1024.jpg\" class=\"attachment-large size-large wp-image-3140\" alt=\"\" srcset=\"http:\/\/erasmus2021.6cultures1tech.eu\/wp-content\/uploads\/2022\/12\/Nazarko_Easy-Resize.com_-577x1024.jpg 577w, http:\/\/erasmus2021.6cultures1tech.eu\/wp-content\/uploads\/2022\/12\/Nazarko_Easy-Resize.com_-169x300.jpg 169w, http:\/\/erasmus2021.6cultures1tech.eu\/wp-content\/uploads\/2022\/12\/Nazarko_Easy-Resize.com_.jpg 721w\" sizes=\"auto, (max-width: 577px) 100vw, 577px\" \/>\t\t\t\t\t\t\t\t\t\t\t\t\t\t\t<\/div>\n\t\t\t\t<\/div>\n\t\t\t\t\t<\/div>\n\t\t<\/div>\n\t\t\t\t\t\t\t<\/div>\n\t\t<\/section>\n\t\t\t\t<section class=\"elementor-section elementor-top-section elementor-element elementor-element-dd18ab2 elementor-section-boxed elementor-section-height-default elementor-section-height-default\" data-id=\"dd18ab2\" data-element_type=\"section\">\n\t\t\t\t\t\t<div class=\"elementor-container elementor-column-gap-default\">\n\t\t\t\t\t<div class=\"elementor-column elementor-col-100 elementor-top-column elementor-element elementor-element-efb1c29\" data-id=\"efb1c29\" data-element_type=\"column\">\n\t\t\t<div class=\"elementor-widget-wrap elementor-element-populated\">\n\t\t\t\t\t\t\t\t<section class=\"elementor-section elementor-inner-section elementor-element elementor-element-1cf6f8b elementor-section-boxed elementor-section-height-default elementor-section-height-default\" data-id=\"1cf6f8b\" data-element_type=\"section\">\n\t\t\t\t\t\t<div class=\"elementor-container elementor-column-gap-default\">\n\t\t\t\t\t<div class=\"elementor-column elementor-col-100 elementor-inner-column elementor-element elementor-element-a3950da\" data-id=\"a3950da\" data-element_type=\"column\">\n\t\t\t<div class=\"elementor-widget-wrap elementor-element-populated\">\n\t\t\t\t\t\t\t\t<div class=\"elementor-element elementor-element-de2f026 elementor-widget elementor-widget-heading\" data-id=\"de2f026\" data-element_type=\"widget\" data-widget_type=\"heading.default\">\n\t\t\t\t<div class=\"elementor-widget-container\">\n\t\t\t<h2 class=\"elementor-heading-title elementor-size-default\">Opinia o praktyce:<\/h2>\t\t<\/div>\n\t\t\t\t<\/div>\n\t\t\t\t<div class=\"elementor-element elementor-element-1f0c606 elementor-widget elementor-widget-text-editor\" data-id=\"1f0c606\" data-element_type=\"widget\" data-widget_type=\"text-editor.default\">\n\t\t\t\t<div class=\"elementor-widget-container\">\n\t\t\t<style>\/*! elementor - v3.10.1 - 17-01-2023 *\/\n.elementor-widget-text-editor.elementor-drop-cap-view-stacked .elementor-drop-cap{background-color:#818a91;color:#fff}.elementor-widget-text-editor.elementor-drop-cap-view-framed .elementor-drop-cap{color:#818a91;border:3px solid;background-color:transparent}.elementor-widget-text-editor:not(.elementor-drop-cap-view-default) .elementor-drop-cap{margin-top:8px}.elementor-widget-text-editor:not(.elementor-drop-cap-view-default) .elementor-drop-cap-letter{width:1em;height:1em}.elementor-widget-text-editor .elementor-drop-cap{float:left;text-align:center;line-height:1;font-size:50px}.elementor-widget-text-editor .elementor-drop-cap-letter{display:inline-block}<\/style>\t\t\t\t<p>Praktyk\u0119 w s\u0142onecznej Sewilli uwa\u017cam za udan\u0105. Dzi\u0119ki pobytowi tutaj rozwin\u0105\u0142em moje umiej\u0119tno\u015bci j\u0119zykowe w angielskim oraz nauczy\u0142em si\u0119 podstaw hiszpa\u0144skiego. Warunki pogodowe dopisa\u0142y &#8211; przez pierwszy tydzie\u0144 by\u0142o strasznie gor\u0105co, ale p\u00f3\u017aniej si\u0119 przyzwyczai\u0142em. Praktyka w moim miejscu pracy poprawi\u0142a moje umiej\u0119tno\u015bci w serwisowaniu komputera jak i w programowaniu stron internetowych. Dodatkowo pozna\u0142em kultur\u0119 hiszpa\u0144sk\u0105 i je\u017celi b\u0119d\u0119 mia\u0142 okazj\u0119 to na pewno przyjad\u0119 tutaj jeszcze raz, poniewa\u017c uwa\u017cam ten kraj za wspania\u0142e miejsce.<\/p>\t\t\t\t\t\t<\/div>\n\t\t\t\t<\/div>\n\t\t\t\t\t<\/div>\n\t\t<\/div>\n\t\t\t\t\t\t\t<\/div>\n\t\t<\/section>\n\t\t\t\t<div class=\"elementor-element elementor-element-8a8c889 elementor-widget elementor-widget-heading\" data-id=\"8a8c889\" data-element_type=\"widget\" data-widget_type=\"heading.default\">\n\t\t\t\t<div class=\"elementor-widget-container\">\n\t\t\t<h2 class=\"elementor-heading-title elementor-size-default\">Praca:<\/h2>\t\t<\/div>\n\t\t\t\t<\/div>\n\t\t\t\t<div class=\"elementor-element elementor-element-39b89b9 elementor-widget elementor-widget-text-editor\" data-id=\"39b89b9\" data-element_type=\"widget\" data-widget_type=\"text-editor.default\">\n\t\t\t\t<div class=\"elementor-widget-container\">\n\t\t\t\t\t\t\t<p>Praktyki odbywam w szkole informatyki StarB\u00f3tica przy Avenida Concejal Jim\u00e9nez-Becerril. Doje\u017cdzam tutaj autobusem C3, a po drodze mijam pi\u0119knie wygl\u0105daj\u0105cy most Puente de Triana. Na pocz\u0105tku by\u0142em tutaj tylko ja oraz szefowa &#8211; przemi\u0142a pani Estrella, a po tygodniu dotar\u0142 tutaj drugi praktykant, Vuk. Dowiedzia\u0142em si\u0119, \u017ce pochodzi z Serbii. StarB\u00f3tica przyjmuje pod swoje skrzyd\u0142a dzieci w zakresie wiekowym 5-15 lat. Pani Estrella pr\u00f3buje uczyni\u0107 nauk\u0119 informatyki, robotyki i programowania czym\u015b zabawnym i uwa\u017cam, \u017ce dobrze jej to wychodzi. Moje g\u0142\u00f3wne zadania tutaj to:<\/p><p>&#8211; pomoc przy szukaniu informacji na temat nowinek technologicznych, kt\u00f3re b\u0119dzie mo\u017cna wykorzysta\u0107 na lekcjach;<\/p><p>&#8211; serwis komputer\u00f3w (np. wymiana pami\u0119ci RAM czy aktualizacja oprogramowania potrzebnego do funkcjonowania szko\u0142y);\u00a0<\/p><p>&#8211; obs\u0142uga drukarek 3D (wymiana filamentu, czyszczenie platformy drukuj\u0105cej po sko\u0144czonej pracy) oraz modelowanie w 3D.<\/p><p>Ju\u017c czuj\u0119, \u017ce praktyki tutaj przynosz\u0105 mi du\u017co wiedzy oraz do\u015bwiadczenia, a to po\u0142\u0105czone z mi\u0142\u0105 atmosfer\u0105 daje bardzo przyjemne miejsce pracy, kt\u00f3re pomo\u017ce mi si\u0119 rozwin\u0105\u0107 w dziedzinie, jak\u0105 jest informatyka.<\/p>\t\t\t\t\t\t<\/div>\n\t\t\t\t<\/div>\n\t\t\t\t<div class=\"elementor-element elementor-element-f4c70a0 elementor-widget elementor-widget-heading\" data-id=\"f4c70a0\" data-element_type=\"widget\" data-widget_type=\"heading.default\">\n\t\t\t\t<div class=\"elementor-widget-container\">\n\t\t\t<h2 class=\"elementor-heading-title elementor-size-default\">Zakwaterowanie:<\/h2>\t\t<\/div>\n\t\t\t\t<\/div>\n\t\t\t\t<div class=\"elementor-element elementor-element-cb21c97 elementor-widget elementor-widget-text-editor\" data-id=\"cb21c97\" data-element_type=\"widget\" data-widget_type=\"text-editor.default\">\n\t\t\t\t<div class=\"elementor-widget-container\">\n\t\t\t\t\t\t\t<p>W czw\u00f3rk\u0119 mieszkamy w mieszkaniu na Trianie, a dok\u0142adniej na Calle Rosario Vega, w\u0142a\u015bcicielem mieszkania jest Alfredo. Alfredo jest cz\u0142owiekiem bardzo mi\u0142ym oraz ma poczucie humoru. Przy przyje\u017adzie opr\u00f3cz niego poznali\u015bmy r\u00f3wnie\u017c Alfonso \u2013 jego syna oraz Elvisa \u2013 jego psa. Syn nie jest zbyt rozmowny, a nawet je\u017celi by by\u0142 to nie widzimy si\u0119 z nim zbyt cz\u0119sto. Pies natomiast wita nas przy ka\u017cdym po powrocie do domu (po kilku dniach zacz\u0119li\u015bmy przed nim ucieka\u0107, poniewa\u017c bardzo lubi liza\u0107 nas po nogach). Jedyny problem jaki napotkali\u015bmy mieszkaj\u0105c tutaj to bariera j\u0119zykowa \u2013 my nie znamy hiszpa\u0144skiego, a oni angielskiego. Przez ca\u0142y czas komunikujemy si\u0119 za pomoc\u0105 translatora oraz gest\u00f3w, chocia\u017c Dawid jako jedyny jako tako potrafi si\u0119 z nim dogada\u0107 i cz\u0119sto rozmawiaj\u0105 sobie o sporcie. Alfredo jest zagorza\u0142ym fanem klubu pi\u0142karskiego Sevilla FC, mamy nawet flag\u0119 w pokoju z meczu Ligi Europy z roku 2016, kiedy Sevilla FC gra\u0142a z Szachtarem Donieck.<\/p><p>Teraz opiszemy nasz pok\u00f3j \u2013 mieszkamy w czteroosobowym pomieszczeniu, mamy trzy \u0142\u00f3zka, z czego jedno jest pi\u0119trowe. Wymiary w przybli\u017ceniu to 3x4m, tak\u017ce nie jest on najwi\u0119kszy, jednak jako\u015b \u017cyjemy i nie ma z tym wi\u0119kszych problem\u00f3w. Poza nami mieszka tutaj dw\u00f3ch W\u0142och\u00f3w oraz jeden student z Kolorado \u2013 niestety nie mo\u017cemy opisa\u0107 ich pokoi, bo tam nie wchodzimy.<\/p><p>Przechodz\u0105c do kuchni \u2013 jemy tutaj bardzo dobrze. \u015aniadania musimy robi\u0107 sobie sami, bo kiedy wstajemy to nikogo nie ma w domu, natomiast obiad i kolacja zawsze s\u0105 przygotowane \u2013 jedno danie oko\u0142o 15, a drugie oko\u0142o 21. Wszystkim nam smakuje kuchnia hiszpa\u0144ska, chocia\u017c zaczynamy t\u0119skni\u0107 za polskimi przysmakami.<\/p><p>~ Nazarko Krzysztof, Paduch Dawid, Szczyrbowski Filip, Tomera Szymon<\/p>\t\t\t\t\t\t<\/div>\n\t\t\t\t<\/div>\n\t\t\t\t\t<\/div>\n\t\t<\/div>\n\t\t\t\t\t\t\t<\/div>\n\t\t<\/section>\n\t\t\t\t\t\t\t<\/div>\n\t\t","protected":false},"excerpt":{"rendered":"<p>Krzysztof Nazarko Ju\u017c od dawna interesuj\u0119 si\u0119 trzema dziedzinami &#8211; IT, filmy oraz sport. Od dziecka ciekawi\u0142y mnie komputery, dlatego wybra\u0142em ZST jako punkt startowy mojej edukacji w tym kierunku. Dzi\u0119ki \u015bwietnym nauczycielom tej plac\u00f3wki bardzo polubi\u0142em projektowanie stron internetowych. W przysz\u0142o\u015bci chcia\u0142bym zosta\u0107 web developerem, no a je\u017celi w tej ga\u0142\u0119zi mi si\u0119 nie [&hellip;]<\/p>\n","protected":false},"author":1,"featured_media":0,"parent":0,"menu_order":0,"comment_status":"closed","ping_status":"closed","template":"","meta":{"footnotes":""},"class_list":["post-1277","page","type-page","status-publish","hentry","entry"],"_links":{"self":[{"href":"http:\/\/erasmus2021.6cultures1tech.eu\/index.php?rest_route=\/wp\/v2\/pages\/1277","targetHints":{"allow":["GET"]}}],"collection":[{"href":"http:\/\/erasmus2021.6cultures1tech.eu\/index.php?rest_route=\/wp\/v2\/pages"}],"about":[{"href":"http:\/\/erasmus2021.6cultures1tech.eu\/index.php?rest_route=\/wp\/v2\/types\/page"}],"author":[{"embeddable":true,"href":"http:\/\/erasmus2021.6cultures1tech.eu\/index.php?rest_route=\/wp\/v2\/users\/1"}],"replies":[{"embeddable":true,"href":"http:\/\/erasmus2021.6cultures1tech.eu\/index.php?rest_route=%2Fwp%2Fv2%2Fcomments&post=1277"}],"version-history":[{"count":20,"href":"http:\/\/erasmus2021.6cultures1tech.eu\/index.php?rest_route=\/wp\/v2\/pages\/1277\/revisions"}],"predecessor-version":[{"id":3205,"href":"http:\/\/erasmus2021.6cultures1tech.eu\/index.php?rest_route=\/wp\/v2\/pages\/1277\/revisions\/3205"}],"wp:attachment":[{"href":"http:\/\/erasmus2021.6cultures1tech.eu\/index.php?rest_route=%2Fwp%2Fv2%2Fmedia&parent=1277"}],"curies":[{"name":"wp","href":"https:\/\/api.w.org\/{rel}","templated":true}]}}