{"id":1317,"date":"2022-11-02T17:14:56","date_gmt":"2022-11-02T16:14:56","guid":{"rendered":"https:\/\/localhost\/wordpress\/?page_id=1317"},"modified":"2022-12-09T17:07:16","modified_gmt":"2022-12-09T16:07:16","slug":"vogt-gr2","status":"publish","type":"page","link":"http:\/\/erasmus2021.6cultures1tech.eu\/?page_id=1317","title":{"rendered":"Vogt gr2"},"content":{"rendered":"\t\t<div data-elementor-type=\"wp-page\" data-elementor-id=\"1317\" class=\"elementor elementor-1317\">\n\t\t\t\t\t\t\t\t\t<section class=\"elementor-section elementor-top-section elementor-element elementor-element-039dc97 elementor-section-height-min-height elementor-section-boxed elementor-section-height-default elementor-section-items-middle\" data-id=\"039dc97\" data-element_type=\"section\" data-settings=\"{&quot;background_background&quot;:&quot;classic&quot;}\">\n\t\t\t\t\t\t<div class=\"elementor-container elementor-column-gap-default\">\n\t\t\t\t\t<div class=\"elementor-column elementor-col-50 elementor-top-column elementor-element elementor-element-0af50e0\" data-id=\"0af50e0\" data-element_type=\"column\">\n\t\t\t<div class=\"elementor-widget-wrap elementor-element-populated\">\n\t\t\t\t\t\t\t\t<div class=\"elementor-element elementor-element-4691d18 elementor-widget elementor-widget-heading\" data-id=\"4691d18\" data-element_type=\"widget\" data-widget_type=\"heading.default\">\n\t\t\t\t<div class=\"elementor-widget-container\">\n\t\t\t<style>\/*! elementor - v3.10.1 - 17-01-2023 *\/\n.elementor-heading-title{padding:0;margin:0;line-height:1}.elementor-widget-heading .elementor-heading-title[class*=elementor-size-]>a{color:inherit;font-size:inherit;line-height:inherit}.elementor-widget-heading .elementor-heading-title.elementor-size-small{font-size:15px}.elementor-widget-heading .elementor-heading-title.elementor-size-medium{font-size:19px}.elementor-widget-heading .elementor-heading-title.elementor-size-large{font-size:29px}.elementor-widget-heading .elementor-heading-title.elementor-size-xl{font-size:39px}.elementor-widget-heading .elementor-heading-title.elementor-size-xxl{font-size:59px}<\/style><h2 class=\"elementor-heading-title elementor-size-default\">Marceli Vogt<\/h2>\t\t<\/div>\n\t\t\t\t<\/div>\n\t\t\t\t<section class=\"elementor-section elementor-inner-section elementor-element elementor-element-36c2678 elementor-section-boxed elementor-section-height-default elementor-section-height-default\" data-id=\"36c2678\" data-element_type=\"section\">\n\t\t\t\t\t\t<div class=\"elementor-container elementor-column-gap-default\">\n\t\t\t\t\t<div class=\"elementor-column elementor-col-100 elementor-inner-column elementor-element elementor-element-ae67712\" data-id=\"ae67712\" data-element_type=\"column\">\n\t\t\t<div class=\"elementor-widget-wrap elementor-element-populated\">\n\t\t\t\t\t\t\t\t<div class=\"elementor-element elementor-element-53c4e37 elementor-widget elementor-widget-heading\" data-id=\"53c4e37\" data-element_type=\"widget\" data-widget_type=\"heading.default\">\n\t\t\t\t<div class=\"elementor-widget-container\">\n\t\t\t<h2 class=\"elementor-heading-title elementor-size-default\">Jestem Marceli i ucz\u0119 si\u0119 w klasie 3infA. Mam dosy\u0107 szerokie zainteresowania i s\u0105 to m.in. informatyka, historia, geografia, geopolityka. W wolnym czasie lubi\u0119 poszerza\u0107 swoj\u0105 wiedz\u0119, gra\u0107 w gry komputerowe, s\u0142ucha\u0107 muzyki czy te\u017c spotyka\u0107 si\u0119 ze znajomymi. Program Erasmus+ i praktyki w Hiszpanii s\u0105 dla mnie okazj\u0105 do prze\u017cycia ciekawej przygody, poznania lokalnej kultury, lub te\u017c poszerzenia swoich kompetencji zawodowych.\n<\/h2>\t\t<\/div>\n\t\t\t\t<\/div>\n\t\t\t\t\t<\/div>\n\t\t<\/div>\n\t\t\t\t\t\t\t<\/div>\n\t\t<\/section>\n\t\t\t\t\t<\/div>\n\t\t<\/div>\n\t\t\t\t<div class=\"elementor-column elementor-col-50 elementor-top-column elementor-element elementor-element-0785155\" data-id=\"0785155\" data-element_type=\"column\">\n\t\t\t<div class=\"elementor-widget-wrap elementor-element-populated\">\n\t\t\t\t\t\t\t\t<div class=\"elementor-element elementor-element-f53ec47 elementor-widget elementor-widget-image\" data-id=\"f53ec47\" data-element_type=\"widget\" data-widget_type=\"image.default\">\n\t\t\t\t<div class=\"elementor-widget-container\">\n\t\t\t<style>\/*! elementor - v3.10.1 - 17-01-2023 *\/\n.elementor-widget-image{text-align:center}.elementor-widget-image a{display:inline-block}.elementor-widget-image a img[src$=\".svg\"]{width:48px}.elementor-widget-image img{vertical-align:middle;display:inline-block}<\/style>\t\t\t\t\t\t\t\t\t\t\t\t<img loading=\"lazy\" decoding=\"async\" width=\"577\" height=\"1024\" src=\"http:\/\/erasmus2021.6cultures1tech.eu\/wp-content\/uploads\/2022\/12\/Vogt_Easy-Resize.com_-577x1024.jpg\" class=\"attachment-large size-large wp-image-3143\" alt=\"\" srcset=\"http:\/\/erasmus2021.6cultures1tech.eu\/wp-content\/uploads\/2022\/12\/Vogt_Easy-Resize.com_-577x1024.jpg 577w, http:\/\/erasmus2021.6cultures1tech.eu\/wp-content\/uploads\/2022\/12\/Vogt_Easy-Resize.com_-169x300.jpg 169w, http:\/\/erasmus2021.6cultures1tech.eu\/wp-content\/uploads\/2022\/12\/Vogt_Easy-Resize.com_.jpg 721w\" sizes=\"auto, (max-width: 577px) 100vw, 577px\" \/>\t\t\t\t\t\t\t\t\t\t\t\t\t\t\t<\/div>\n\t\t\t\t<\/div>\n\t\t\t\t\t<\/div>\n\t\t<\/div>\n\t\t\t\t\t\t\t<\/div>\n\t\t<\/section>\n\t\t\t\t<section class=\"elementor-section elementor-top-section elementor-element elementor-element-963d5b8 elementor-section-boxed elementor-section-height-default elementor-section-height-default\" data-id=\"963d5b8\" data-element_type=\"section\">\n\t\t\t\t\t\t<div class=\"elementor-container elementor-column-gap-default\">\n\t\t\t\t\t<div class=\"elementor-column elementor-col-100 elementor-top-column elementor-element elementor-element-dfec5ca\" data-id=\"dfec5ca\" data-element_type=\"column\">\n\t\t\t<div class=\"elementor-widget-wrap elementor-element-populated\">\n\t\t\t\t\t\t\t\t<section class=\"elementor-section elementor-inner-section elementor-element elementor-element-012d0d1 elementor-section-boxed elementor-section-height-default elementor-section-height-default\" data-id=\"012d0d1\" data-element_type=\"section\">\n\t\t\t\t\t\t<div class=\"elementor-container elementor-column-gap-default\">\n\t\t\t\t\t<div class=\"elementor-column elementor-col-100 elementor-inner-column elementor-element elementor-element-c974b43\" data-id=\"c974b43\" data-element_type=\"column\">\n\t\t\t<div class=\"elementor-widget-wrap elementor-element-populated\">\n\t\t\t\t\t\t\t\t<div class=\"elementor-element elementor-element-b5d6e17 elementor-widget elementor-widget-heading\" data-id=\"b5d6e17\" data-element_type=\"widget\" data-widget_type=\"heading.default\">\n\t\t\t\t<div class=\"elementor-widget-container\">\n\t\t\t<h2 class=\"elementor-heading-title elementor-size-default\">Opinia o praktyce:<\/h2>\t\t<\/div>\n\t\t\t\t<\/div>\n\t\t\t\t<div class=\"elementor-element elementor-element-8a9829b elementor-widget elementor-widget-text-editor\" data-id=\"8a9829b\" data-element_type=\"widget\" data-widget_type=\"text-editor.default\">\n\t\t\t\t<div class=\"elementor-widget-container\">\n\t\t\t<style>\/*! elementor - v3.10.1 - 17-01-2023 *\/\n.elementor-widget-text-editor.elementor-drop-cap-view-stacked .elementor-drop-cap{background-color:#818a91;color:#fff}.elementor-widget-text-editor.elementor-drop-cap-view-framed .elementor-drop-cap{color:#818a91;border:3px solid;background-color:transparent}.elementor-widget-text-editor:not(.elementor-drop-cap-view-default) .elementor-drop-cap{margin-top:8px}.elementor-widget-text-editor:not(.elementor-drop-cap-view-default) .elementor-drop-cap-letter{width:1em;height:1em}.elementor-widget-text-editor .elementor-drop-cap{float:left;text-align:center;line-height:1;font-size:50px}.elementor-widget-text-editor .elementor-drop-cap-letter{display:inline-block}<\/style>\t\t\t\t<p>Program Erasmus+ jest dla mnie niezwyk\u0142ym do\u015bwiadczeniem. Dzi\u0119ki niemu mam okazj\u0119 aby mieszka\u0107, pracowa\u0107 i poznawa\u0107 kultur\u0119 Hiszpanii oddalonej o ponad 2000 km od granic Polski. Jest to dla mnie wiele nowych do\u015bwiadcze\u0144: pierwszy lot samolotem, odbywanie praktyk w zawodzie za granic\u0105, a tak\u017ce m\u00f3j pierwszy d\u0142u\u017cszy wyjazd za granic\u0119. Ju\u017c teraz mog\u0119 dostrzec, jak wiele nauczy\u0142 mnie ten projekt. Dzi\u0119ki niemu mo\u017cna podszkoli\u0107 swoje umiej\u0119tno\u015bci j\u0119zykowe, polepszy\u0107 swoj\u0105 zaradno\u015b\u0107 \u017cyciow\u0105 oraz zdolno\u015bci interpersonalne, zwi\u0119kszy\u0107 swoj\u0105 samodzielno\u015b\u0107, poszerzy\u0107 horyzonty, zdoby\u0107 do\u015bwiadczenie i wiele innych. Przebywanie w Hiszpanii jest te\u017c najlepsz\u0105 okazj\u0105 do poznania lokalnej kultury, kuchni, zwyczaj\u00f3w oraz zasmakowania tutejszego stylu \u017cycia. Dodatkowo, dzi\u0119ki wycieczkom, czasowi wolnemu oraz doskona\u0142ej pogodzie, mo\u017cna poczu\u0107 si\u0119 tu jak na przed\u0142u\u017conych wakacjach.<\/p><p>Niew\u0105tpliwie mog\u0119 stwierdzi\u0107, \u017ce projekt ten jest niezwyk\u0142\u0105 przygod\u0105 i lekcj\u0105, w kt\u00f3rej zdecydowanie warto wzi\u0105\u0107 udzia\u0142. Polecam ka\u017cdemu!<\/p>\t\t\t\t\t\t<\/div>\n\t\t\t\t<\/div>\n\t\t\t\t\t<\/div>\n\t\t<\/div>\n\t\t\t\t\t\t\t<\/div>\n\t\t<\/section>\n\t\t\t\t<div class=\"elementor-element elementor-element-1b67a77 elementor-widget elementor-widget-heading\" data-id=\"1b67a77\" data-element_type=\"widget\" data-widget_type=\"heading.default\">\n\t\t\t\t<div class=\"elementor-widget-container\">\n\t\t\t<h2 class=\"elementor-heading-title elementor-size-default\">Praca:<\/h2>\t\t<\/div>\n\t\t\t\t<\/div>\n\t\t\t\t<div class=\"elementor-element elementor-element-76aea88 elementor-widget elementor-widget-text-editor\" data-id=\"76aea88\" data-element_type=\"widget\" data-widget_type=\"text-editor.default\">\n\t\t\t\t<div class=\"elementor-widget-container\">\n\t\t\t\t\t\t\t<p>Odbywam swoje praktyki w szkole CEIP El Manantial w miejscowo\u015bci Bormujos. Mimo, \u017ce miejsce praktyk od mojego miejsca zamieszkania dzieli spora odleg\u0142o\u015b\u0107, dojazd jest do\u015b\u0107 prosty. Ca\u0142a trasa nie zajmuje mi wi\u0119cej ni\u017c 40 minut. Pracuj\u0119 5 dni w tygodniu w godzinach od 8:30 do oko\u0142o 14:30.<\/p><p>Pracuj\u0119 w szkole podstawowej, w kt\u00f3rej, w zwi\u0105zku z rozpoczynaj\u0105cym si\u0119 rokiem szkolnym, czekaj\u0105 mnie r\u00f3\u017cne zadania i problemy do rozwi\u0105zania. Zajmuj\u0119 si\u0119 m.in. sprawdzaniem poprawno\u015bci dzia\u0142ania laptop\u00f3w i komputer\u00f3w, pod\u0142\u0105czam te urz\u0105dzenia do projektor\u00f3w w salach lekcyjnych, czy te\u017c identyfikuj\u0119 i rozwi\u0105zuj\u0119 problemy z ich dzia\u0142aniem. Nieraz moim zadaniem jest r\u00f3wnie\u017c przygotowanie wszystkich komputer\u00f3w i tablet\u00f3w na stanowiskach do pracy, konfiguracja ich ustawie\u0144, lub instalacja system\u00f3w i oprogramowania. Warto zaznaczy\u0107, i\u017c wi\u0119kszo\u015b\u0107 urz\u0105dze\u0144, kt\u00f3re mo\u017cna spotka\u0107 w szkole, dzia\u0142a w systemach operacyjnych opartych o Linuxa, przeznaczonych w\u0142a\u015bnie do cel\u00f3w edukacyjnych. Komunikacja mi\u0119dzy mn\u0105, a nauczycielami nie stanowi du\u017cych problem\u00f3w i odbywa si\u0119 po angielsku.<\/p><p>Praktyka w hiszpa\u0144skiej szkole jest dla mnie dobr\u0105 okazj\u0105, by pozna\u0107 prac\u0119 serwisanta sprz\u0119tu komputerowego od podszewki, poprawi\u0107 swoje zdolno\u015bci j\u0119zykowe, a tak\u017ce nauczy\u0107 si\u0119 nowych umiej\u0119tno\u015bci. Z pewno\u015bci\u0105 jest to dobrze sp\u0119dzony czas.<\/p>\t\t\t\t\t\t<\/div>\n\t\t\t\t<\/div>\n\t\t\t\t<div class=\"elementor-element elementor-element-9174298 elementor-widget elementor-widget-heading\" data-id=\"9174298\" data-element_type=\"widget\" data-widget_type=\"heading.default\">\n\t\t\t\t<div class=\"elementor-widget-container\">\n\t\t\t<h2 class=\"elementor-heading-title elementor-size-default\">Zakwaterowanie:<\/h2>\t\t<\/div>\n\t\t\t\t<\/div>\n\t\t\t\t<div class=\"elementor-element elementor-element-dc16fdd elementor-widget elementor-widget-text-editor\" data-id=\"dc16fdd\" data-element_type=\"widget\" data-widget_type=\"text-editor.default\">\n\t\t\t\t<div class=\"elementor-widget-container\">\n\t\t\t\t\t\t\t<p>Nasza dw\u00f3jka zosta\u0142a przydzielona do du\u017cego mieszkania w centrum miasta, gdzie mieszkamy z nasz\u0105 &#8222;host-matk\u0105&#8221; Luci\u0105 oraz jej siostr\u0105, Mari\u0105. Przez kr\u00f3tszy okres czasu, mieli\u015bmy r\u00f3wnie\u017c okazj\u0119 mieszka\u0107 z c\u00f3rk\u0105 Marii, Gabriel\u0105, 22 letni\u0105 studentk\u0105 sztuki z Newcastle w Wielkiej Brytanii.<\/p><p>Mamy do swojej dyspozycji niewielki pok\u00f3j, a tak\u017ce osobn\u0105 \u0142azienk\u0119 oraz garderob\u0119. Jak na dwie osoby, jest tu sporo miejsca. W pokoju panuje komfortowa temperatura, a tak\u017ce mamy tu wszystko, czego nam potrzeba, \u0142\u0105cznie z m.in. wentylatorem, czy dost\u0119pem do internetu. Mo\u017cemy r\u00f3wnie\u017c korzysta\u0107 z og\u00f3lnodost\u0119pnego salonu oraz kuchni.\u00a0<\/p><p>Komunikacja jest bezproblemowa: nasi wsp\u00f3\u0142domownicy rozmawiaj\u0105 po angielsku w stopniu komunikatywnym, a tak\u017ce mamy mo\u017cliwo\u015b\u0107 lu\u017anego rozmawiania na r\u00f3\u017cne tematy, m.in o lokalnych atrakcjach, codziennych obowi\u0105zkach, a tak\u017ce o szeroko rozumianym \u015bwiatopogl\u0105dzie. Nie mamy te\u017c jakiegokolwiek problemu zwi\u0105zanego z kuchni\u0105 i posi\u0142kami: na ten moment nie by\u0142o \u017cadnego dania, kt\u00f3re by nam nie smakowa\u0142o. Na og\u00f3\u0142 \u015bniadanie przygotowujemy sobie sami z produkt\u00f3w dost\u0119pnych w kuchni, natomiast gotowy lunch i kolacj\u0119 mamy zostawione do odgrzania wtedy, kiedy b\u0119dziemy g\u0142odni. Wi\u0105\u017ce si\u0119 to z dosy\u0107 lu\u017anymi godzinami spo\u017cywania posi\u0142k\u00f3w, co jest dla nas dodatkowym atutem. Jest to spowodowane d\u0142ugimi godzinami pracy Lucii oraz tym, \u017ce do\u015b\u0107 d\u0142ugi czas nie ma jej w domu, co nie jest wielkim problemem. Kolejnym aspektem naszego zakwaterowania jest do\u015b\u0107 du\u017ca doza autonomii i prywatno\u015bci, kt\u00f3r\u0105 posiadamy, wliczaj\u0105c w to godziny powrotu do domu oraz wspomniane wcze\u015bniej godziny posi\u0142k\u00f3w.<\/p><p>Og\u00f3lnie rzecz bior\u0105c, trafili\u015bmy na doskona\u0142e miejsce zamieszkania na czas miesi\u0119cznych praktyk w Sewilli. Dzi\u0119ki lokalizacji w centrum miasta, wsz\u0119dzie mamy do\u015b\u0107 blisko. Z pewno\u015bci\u0105 b\u0119dziemy mi\u0142o wspomina\u0107 to miejsce.<\/p><p>~ Grzeganek Olaf, Marceli Vogt<\/p>\t\t\t\t\t\t<\/div>\n\t\t\t\t<\/div>\n\t\t\t\t\t<\/div>\n\t\t<\/div>\n\t\t\t\t\t\t\t<\/div>\n\t\t<\/section>\n\t\t\t\t\t\t\t<\/div>\n\t\t","protected":false},"excerpt":{"rendered":"<p>Marceli Vogt Jestem Marceli i ucz\u0119 si\u0119 w klasie 3infA. Mam dosy\u0107 szerokie zainteresowania i s\u0105 to m.in. informatyka, historia, geografia, geopolityka. W wolnym czasie lubi\u0119 poszerza\u0107 swoj\u0105 wiedz\u0119, gra\u0107 w gry komputerowe, s\u0142ucha\u0107 muzyki czy te\u017c spotyka\u0107 si\u0119 ze znajomymi. Program Erasmus+ i praktyki w Hiszpanii s\u0105 dla mnie okazj\u0105 do prze\u017cycia ciekawej przygody, [&hellip;]<\/p>\n","protected":false},"author":1,"featured_media":0,"parent":0,"menu_order":0,"comment_status":"closed","ping_status":"closed","template":"","meta":{"footnotes":""},"class_list":["post-1317","page","type-page","status-publish","hentry","entry"],"_links":{"self":[{"href":"http:\/\/erasmus2021.6cultures1tech.eu\/index.php?rest_route=\/wp\/v2\/pages\/1317","targetHints":{"allow":["GET"]}}],"collection":[{"href":"http:\/\/erasmus2021.6cultures1tech.eu\/index.php?rest_route=\/wp\/v2\/pages"}],"about":[{"href":"http:\/\/erasmus2021.6cultures1tech.eu\/index.php?rest_route=\/wp\/v2\/types\/page"}],"author":[{"embeddable":true,"href":"http:\/\/erasmus2021.6cultures1tech.eu\/index.php?rest_route=\/wp\/v2\/users\/1"}],"replies":[{"embeddable":true,"href":"http:\/\/erasmus2021.6cultures1tech.eu\/index.php?rest_route=%2Fwp%2Fv2%2Fcomments&post=1317"}],"version-history":[{"count":19,"href":"http:\/\/erasmus2021.6cultures1tech.eu\/index.php?rest_route=\/wp\/v2\/pages\/1317\/revisions"}],"predecessor-version":[{"id":3214,"href":"http:\/\/erasmus2021.6cultures1tech.eu\/index.php?rest_route=\/wp\/v2\/pages\/1317\/revisions\/3214"}],"wp:attachment":[{"href":"http:\/\/erasmus2021.6cultures1tech.eu\/index.php?rest_route=%2Fwp%2Fv2%2Fmedia&parent=1317"}],"curies":[{"name":"wp","href":"https:\/\/api.w.org\/{rel}","templated":true}]}}