{"id":2322,"date":"2022-11-08T17:44:15","date_gmt":"2022-11-08T16:44:15","guid":{"rendered":"https:\/\/localhost\/wordpress\/?page_id=2322"},"modified":"2022-12-10T01:11:07","modified_gmt":"2022-12-10T00:11:07","slug":"bacior","status":"publish","type":"page","link":"http:\/\/erasmus2021.6cultures1tech.eu\/?page_id=2322","title":{"rendered":"Bacior"},"content":{"rendered":"\t\t<div data-elementor-type=\"wp-page\" data-elementor-id=\"2322\" class=\"elementor elementor-2322\">\n\t\t\t\t\t\t\t\t\t<section class=\"elementor-section elementor-top-section elementor-element elementor-element-2cfd185 elementor-section-height-min-height elementor-section-boxed elementor-section-height-default elementor-section-items-middle\" data-id=\"2cfd185\" data-element_type=\"section\" data-settings=\"{&quot;background_background&quot;:&quot;classic&quot;}\">\n\t\t\t\t\t\t<div class=\"elementor-container elementor-column-gap-default\">\n\t\t\t\t\t<div class=\"elementor-column elementor-col-50 elementor-top-column elementor-element elementor-element-d742542\" data-id=\"d742542\" data-element_type=\"column\">\n\t\t\t<div class=\"elementor-widget-wrap elementor-element-populated\">\n\t\t\t\t\t\t\t\t<div class=\"elementor-element elementor-element-97efc1c elementor-widget elementor-widget-heading\" data-id=\"97efc1c\" data-element_type=\"widget\" data-widget_type=\"heading.default\">\n\t\t\t\t<div class=\"elementor-widget-container\">\n\t\t\t<style>\/*! elementor - v3.10.1 - 17-01-2023 *\/\n.elementor-heading-title{padding:0;margin:0;line-height:1}.elementor-widget-heading .elementor-heading-title[class*=elementor-size-]>a{color:inherit;font-size:inherit;line-height:inherit}.elementor-widget-heading .elementor-heading-title.elementor-size-small{font-size:15px}.elementor-widget-heading .elementor-heading-title.elementor-size-medium{font-size:19px}.elementor-widget-heading .elementor-heading-title.elementor-size-large{font-size:29px}.elementor-widget-heading .elementor-heading-title.elementor-size-xl{font-size:39px}.elementor-widget-heading .elementor-heading-title.elementor-size-xxl{font-size:59px}<\/style><h2 class=\"elementor-heading-title elementor-size-default\">Miko\u0142aj Bacior<\/h2>\t\t<\/div>\n\t\t\t\t<\/div>\n\t\t\t\t<section class=\"elementor-section elementor-inner-section elementor-element elementor-element-cfd208f elementor-section-boxed elementor-section-height-default elementor-section-height-default\" data-id=\"cfd208f\" data-element_type=\"section\">\n\t\t\t\t\t\t<div class=\"elementor-container elementor-column-gap-default\">\n\t\t\t\t\t<div class=\"elementor-column elementor-col-100 elementor-inner-column elementor-element elementor-element-555c2be\" data-id=\"555c2be\" data-element_type=\"column\">\n\t\t\t<div class=\"elementor-widget-wrap elementor-element-populated\">\n\t\t\t\t\t\t\t\t<div class=\"elementor-element elementor-element-1cbeaa3 elementor-widget elementor-widget-heading\" data-id=\"1cbeaa3\" data-element_type=\"widget\" data-widget_type=\"heading.default\">\n\t\t\t\t<div class=\"elementor-widget-container\">\n\t\t\t<h2 class=\"elementor-heading-title elementor-size-default\">Nazywam si\u0119 Miko\u0142aj Bacior, jestem absolwentem ZST  i aktualnie studiuje informatyk\u0119 w Wy\u017cszej Szkole Bankowej. Interesuje si\u0119 technologi\u0105 i tematami zwi\u0105zanymi z informatyk\u0105 odk\u0105d pami\u0119tam. Codziennie staram si\u0119 \u015bledzi\u0107 nowo\u015bci i poszerza\u0107 swoj\u0105 wiedz\u0119 w tym zakresie. Lubi\u0119 majsterkowa\u0107 przy komputerach i innych urz\u0105dzeniach elektronicznych. Wolny czas sp\u0119dzam z znajomymi graj\u0105c w papierowe erpegi lub jak jest sposobno\u015b\u0107 pod \u017caglami.<\/h2>\t\t<\/div>\n\t\t\t\t<\/div>\n\t\t\t\t\t<\/div>\n\t\t<\/div>\n\t\t\t\t\t\t\t<\/div>\n\t\t<\/section>\n\t\t\t\t\t<\/div>\n\t\t<\/div>\n\t\t\t\t<div class=\"elementor-column elementor-col-50 elementor-top-column elementor-element elementor-element-cd50697\" data-id=\"cd50697\" data-element_type=\"column\">\n\t\t\t<div class=\"elementor-widget-wrap elementor-element-populated\">\n\t\t\t\t\t\t\t\t<div class=\"elementor-element elementor-element-1019274 elementor-widget elementor-widget-image\" data-id=\"1019274\" data-element_type=\"widget\" data-widget_type=\"image.default\">\n\t\t\t\t<div class=\"elementor-widget-container\">\n\t\t\t<style>\/*! elementor - v3.10.1 - 17-01-2023 *\/\n.elementor-widget-image{text-align:center}.elementor-widget-image a{display:inline-block}.elementor-widget-image a img[src$=\".svg\"]{width:48px}.elementor-widget-image img{vertical-align:middle;display:inline-block}<\/style>\t\t\t\t\t\t\t\t\t\t\t\t<img loading=\"lazy\" decoding=\"async\" width=\"768\" height=\"1565\" src=\"http:\/\/erasmus2021.6cultures1tech.eu\/wp-content\/uploads\/2022\/12\/BACIOR-2-768x1565.jpg\" class=\"attachment-medium_large size-medium_large wp-image-4021\" alt=\"\" srcset=\"http:\/\/erasmus2021.6cultures1tech.eu\/wp-content\/uploads\/2022\/12\/BACIOR-2-768x1565.jpg 768w, http:\/\/erasmus2021.6cultures1tech.eu\/wp-content\/uploads\/2022\/12\/BACIOR-2-147x300.jpg 147w, http:\/\/erasmus2021.6cultures1tech.eu\/wp-content\/uploads\/2022\/12\/BACIOR-2-503x1024.jpg 503w, http:\/\/erasmus2021.6cultures1tech.eu\/wp-content\/uploads\/2022\/12\/BACIOR-2-754x1536.jpg 754w, http:\/\/erasmus2021.6cultures1tech.eu\/wp-content\/uploads\/2022\/12\/BACIOR-2-1005x2048.jpg 1005w, http:\/\/erasmus2021.6cultures1tech.eu\/wp-content\/uploads\/2022\/12\/BACIOR-2-scaled.jpg 1257w\" sizes=\"auto, (max-width: 768px) 100vw, 768px\" \/>\t\t\t\t\t\t\t\t\t\t\t\t\t\t\t<\/div>\n\t\t\t\t<\/div>\n\t\t\t\t\t<\/div>\n\t\t<\/div>\n\t\t\t\t\t\t\t<\/div>\n\t\t<\/section>\n\t\t\t\t<section class=\"elementor-section elementor-top-section elementor-element elementor-element-ca3b241 elementor-section-boxed elementor-section-height-default elementor-section-height-default\" data-id=\"ca3b241\" data-element_type=\"section\">\n\t\t\t\t\t\t<div class=\"elementor-container elementor-column-gap-default\">\n\t\t\t\t\t<div class=\"elementor-column elementor-col-100 elementor-top-column elementor-element elementor-element-031e3d6\" data-id=\"031e3d6\" data-element_type=\"column\">\n\t\t\t<div class=\"elementor-widget-wrap elementor-element-populated\">\n\t\t\t\t\t\t\t\t<section class=\"elementor-section elementor-inner-section elementor-element elementor-element-43f27eb elementor-section-boxed elementor-section-height-default elementor-section-height-default\" data-id=\"43f27eb\" data-element_type=\"section\">\n\t\t\t\t\t\t<div class=\"elementor-container elementor-column-gap-default\">\n\t\t\t\t\t<div class=\"elementor-column elementor-col-100 elementor-inner-column elementor-element elementor-element-7026356\" data-id=\"7026356\" data-element_type=\"column\">\n\t\t\t<div class=\"elementor-widget-wrap elementor-element-populated\">\n\t\t\t\t\t\t\t\t<div class=\"elementor-element elementor-element-ac9a22e elementor-widget elementor-widget-heading\" data-id=\"ac9a22e\" data-element_type=\"widget\" data-widget_type=\"heading.default\">\n\t\t\t\t<div class=\"elementor-widget-container\">\n\t\t\t<h2 class=\"elementor-heading-title elementor-size-default\">O projekcie:<\/h2>\t\t<\/div>\n\t\t\t\t<\/div>\n\t\t\t\t<div class=\"elementor-element elementor-element-ebd1e50 elementor-widget elementor-widget-text-editor\" data-id=\"ebd1e50\" data-element_type=\"widget\" data-widget_type=\"text-editor.default\">\n\t\t\t\t<div class=\"elementor-widget-container\">\n\t\t\t<style>\/*! elementor - v3.10.1 - 17-01-2023 *\/\n.elementor-widget-text-editor.elementor-drop-cap-view-stacked .elementor-drop-cap{background-color:#818a91;color:#fff}.elementor-widget-text-editor.elementor-drop-cap-view-framed .elementor-drop-cap{color:#818a91;border:3px solid;background-color:transparent}.elementor-widget-text-editor:not(.elementor-drop-cap-view-default) .elementor-drop-cap{margin-top:8px}.elementor-widget-text-editor:not(.elementor-drop-cap-view-default) .elementor-drop-cap-letter{width:1em;height:1em}.elementor-widget-text-editor .elementor-drop-cap{float:left;text-align:center;line-height:1;font-size:50px}.elementor-widget-text-editor .elementor-drop-cap-letter{display:inline-block}<\/style>\t\t\t\t<p>Praktyki w Hiszpanii oceniam bardzo dobrze. Projekt ten pozwoli\u0142 mi g\u0142\u00f3wnie poszerzy\u0107 swoj\u0105 wiedz\u0119 z zakresu monta\u017cu i konserwacji urz\u0105dze\u0144 komputerowych, kt\u00f3ra jest dla mnie bezcenna. Dzi\u0119ki niemu mia\u0142em okazj\u0119, tak\u017ce poprawi\u0107 swoje zdolno\u015bci j\u0119zykowe z hiszpa\u0144skiego oraz angielskiego, co na pewno nie p\u00f3jdzie na marne. Erasmus+ da\u0142 mi te\u017c mo\u017cliwo\u015b\u0107 poznania Hiszpanii, kt\u00f3r\u0105 zawsze chcia\u0142em odwiedzi\u0107. Uda\u0142o mi si\u0119 zasmakowa\u0107 lokalnej kuchni, zobaczy\u0107 wiele zabytk\u00f3w, a tak\u017ce pozna\u0107 kultur\u0119 tego kraju. Ca\u0142y wyjazd pozostanie w mojej pami\u0119ci na bardzo d\u0142ugo. Polecam wszystkim!<\/p>\t\t\t\t\t\t<\/div>\n\t\t\t\t<\/div>\n\t\t\t\t<div class=\"elementor-element elementor-element-b0da7a2 elementor-widget elementor-widget-heading\" data-id=\"b0da7a2\" data-element_type=\"widget\" data-widget_type=\"heading.default\">\n\t\t\t\t<div class=\"elementor-widget-container\">\n\t\t\t<h2 class=\"elementor-heading-title elementor-size-default\">Praktyka:<\/h2>\t\t<\/div>\n\t\t\t\t<\/div>\n\t\t\t\t<div class=\"elementor-element elementor-element-4393934 elementor-widget elementor-widget-text-editor\" data-id=\"4393934\" data-element_type=\"widget\" data-widget_type=\"text-editor.default\">\n\t\t\t\t<div class=\"elementor-widget-container\">\n\t\t\t\t\t\t\t<p>Wed\u0142ug mnie praktyki s\u0105 w pe\u0142ni udane. Na co dzie\u0144 pracuj\u0119 w firmie Informatica Reparnet, znajduj\u0105cej si\u0119 ok. 20 minut autobusem od miejsca zamieszkania, gdzie zajmuj\u0119 si\u0119 napraw\u0105 g\u0142\u00f3wnie komputer\u00f3w i laptop\u00f3w. Moim szefem jest Pan Angel, kt\u00f3ry jest bardzo mi\u0142y i pomocny, lecz ma drobne problemy z j\u0119zykiem angielskim. Opr\u00f3cz naprawy komputer\u00f3w, mia\u0142em okazj\u0119 pojecha\u0107 na zlecenie do pobliskiej firmy w celu monta\u017cu i konfiguracji nag\u0142o\u015bnienia. W pracy sp\u0119dzam ok. 6 godzin i mam jedn\u0105 przerw\u0119 20 minutow\u0105. Jestem bardzo zadowolony dosta\u0142em si\u0119 na praktyki w Hiszpanii. Wiedza zdobyta podczas praktyk uczyni ze mnie po\u017c\u0105dan\u0105 osob\u0119 na rynku pracy. Je\u015bli b\u0119d\u0119 mia\u0142 okazj\u0119 z pewno\u015bci\u0105 udam si\u0119 na kolejny taki wyjazd.<\/p>\t\t\t\t\t\t<\/div>\n\t\t\t\t<\/div>\n\t\t\t\t\t<\/div>\n\t\t<\/div>\n\t\t\t\t\t\t\t<\/div>\n\t\t<\/section>\n\t\t\t\t\t<\/div>\n\t\t<\/div>\n\t\t\t\t\t\t\t<\/div>\n\t\t<\/section>\n\t\t\t\t\t\t\t<\/div>\n\t\t","protected":false},"excerpt":{"rendered":"<p>Miko\u0142aj Bacior Nazywam si\u0119 Miko\u0142aj Bacior, jestem absolwentem ZST i aktualnie studiuje informatyk\u0119 w Wy\u017cszej Szkole Bankowej. Interesuje si\u0119 technologi\u0105 i tematami zwi\u0105zanymi z informatyk\u0105 odk\u0105d pami\u0119tam. Codziennie staram si\u0119 \u015bledzi\u0107 nowo\u015bci i poszerza\u0107 swoj\u0105 wiedz\u0119 w tym zakresie. Lubi\u0119 majsterkowa\u0107 przy komputerach i innych urz\u0105dzeniach elektronicznych. Wolny czas sp\u0119dzam z znajomymi graj\u0105c w papierowe [&hellip;]<\/p>\n","protected":false},"author":1,"featured_media":0,"parent":0,"menu_order":0,"comment_status":"closed","ping_status":"closed","template":"","meta":{"footnotes":""},"class_list":["post-2322","page","type-page","status-publish","hentry","entry"],"_links":{"self":[{"href":"http:\/\/erasmus2021.6cultures1tech.eu\/index.php?rest_route=\/wp\/v2\/pages\/2322","targetHints":{"allow":["GET"]}}],"collection":[{"href":"http:\/\/erasmus2021.6cultures1tech.eu\/index.php?rest_route=\/wp\/v2\/pages"}],"about":[{"href":"http:\/\/erasmus2021.6cultures1tech.eu\/index.php?rest_route=\/wp\/v2\/types\/page"}],"author":[{"embeddable":true,"href":"http:\/\/erasmus2021.6cultures1tech.eu\/index.php?rest_route=\/wp\/v2\/users\/1"}],"replies":[{"embeddable":true,"href":"http:\/\/erasmus2021.6cultures1tech.eu\/index.php?rest_route=%2Fwp%2Fv2%2Fcomments&post=2322"}],"version-history":[{"count":16,"href":"http:\/\/erasmus2021.6cultures1tech.eu\/index.php?rest_route=\/wp\/v2\/pages\/2322\/revisions"}],"predecessor-version":[{"id":4107,"href":"http:\/\/erasmus2021.6cultures1tech.eu\/index.php?rest_route=\/wp\/v2\/pages\/2322\/revisions\/4107"}],"wp:attachment":[{"href":"http:\/\/erasmus2021.6cultures1tech.eu\/index.php?rest_route=%2Fwp%2Fv2%2Fmedia&parent=2322"}],"curies":[{"name":"wp","href":"https:\/\/api.w.org\/{rel}","templated":true}]}}